Last updated on 2019-06-18 01:48:46 CEST.
Flavor | Version | Tinstall | Tcheck | Ttotal | Status | Flags |
---|---|---|---|---|---|---|
r-devel-linux-x86_64-debian-clang | 0.1 | 7.65 | 84.17 | 91.82 | OK | |
r-devel-linux-x86_64-debian-gcc | 0.1 | 7.25 | 67.64 | 74.89 | OK | |
r-devel-linux-x86_64-fedora-clang | 0.1 | 108.59 | OK | |||
r-devel-linux-x86_64-fedora-gcc | 0.1 | 107.83 | OK | |||
r-devel-windows-ix86+x86_64 | 0.1 | 30.00 | 102.00 | 132.00 | OK | |
r-patched-linux-x86_64 | 0.1 | 8.44 | 84.43 | 92.87 | OK | |
r-patched-solaris-x86 | 0.1 | 293.80 | OK | |||
r-release-linux-x86_64 | 0.1 | 7.59 | 84.38 | 91.97 | OK | |
r-release-windows-ix86+x86_64 | 0.1 | 19.00 | 141.00 | 160.00 | OK | |
r-release-osx-x86_64 | 0.1 | WARN | ||||
r-oldrel-windows-ix86+x86_64 | 0.1 | 12.00 | 129.00 | 141.00 | OK | |
r-oldrel-osx-x86_64 | 0.1 | OK |
Version: 0.1
Check: whether package can be installed
Result: WARN
Found the following significant warnings:
Warning: 'rgl_init' failed, running with rgl.useNULL = TRUE
Flavor: r-release-osx-x86_64