Last updated on 2019-06-18 01:48:47 CEST.
Flavor | Version | Tinstall | Tcheck | Ttotal | Status | Flags |
---|---|---|---|---|---|---|
r-devel-linux-x86_64-debian-clang | 1.1.6 | 5.35 | 47.75 | 53.10 | NOTE | |
r-devel-linux-x86_64-debian-gcc | 1.1.6 | 3.70 | 37.54 | 41.24 | NOTE | |
r-devel-linux-x86_64-fedora-clang | 1.1.6 | 62.82 | NOTE | |||
r-devel-linux-x86_64-fedora-gcc | 1.1.6 | 59.19 | NOTE | |||
r-devel-windows-ix86+x86_64 | 1.1.6 | 23.00 | 77.00 | 100.00 | OK | |
r-patched-linux-x86_64 | 1.1.6 | 3.58 | 46.27 | 49.85 | OK | |
r-patched-solaris-x86 | 1.1.6 | 118.60 | OK | |||
r-release-linux-x86_64 | 1.1.6 | 5.36 | 46.70 | 52.06 | OK | |
r-release-windows-ix86+x86_64 | 1.1.6 | 12.00 | 108.00 | 120.00 | OK | |
r-release-osx-x86_64 | 1.1.6 | OK | ||||
r-oldrel-windows-ix86+x86_64 | 1.1.6 | 8.00 | 104.00 | 112.00 | OK | |
r-oldrel-osx-x86_64 | 1.1.6 | OK |
Version: 1.1.6
Check: for non-standard things in the check directory
Result: NOTE
Found the following files/directories:
'co2' 'co2.1' 'co2.2' 'co2s.1' 'co2s.2' 'ctm.1' 'ctm.2' 'm' 'm.1'
'm.2' 'test' 'test.1' 'test.2' 'testa.1' 'testa.2' 'xfile.1'
'xfile.2'
Flavors: r-devel-linux-x86_64-debian-clang, r-devel-linux-x86_64-debian-gcc, r-devel-linux-x86_64-fedora-clang, r-devel-linux-x86_64-fedora-gcc