Last updated on 2019-06-18 01:48:47 CEST.
Flavor | Version | Tinstall | Tcheck | Ttotal | Status | Flags |
---|---|---|---|---|---|---|
r-devel-linux-x86_64-debian-clang | 0.4 | 1.54 | 24.43 | 25.97 | OK | |
r-devel-linux-x86_64-debian-gcc | 0.4 | 1.17 | 19.20 | 20.37 | OK | |
r-devel-linux-x86_64-fedora-clang | 0.4 | 31.22 | NOTE | |||
r-devel-linux-x86_64-fedora-gcc | 0.4 | 28.63 | NOTE | |||
r-devel-windows-ix86+x86_64 | 0.4 | 5.00 | 37.00 | 42.00 | OK | |
r-patched-linux-x86_64 | 0.4 | 1.57 | 24.04 | 25.61 | OK | |
r-patched-solaris-x86 | 0.4 | 53.70 | NOTE | |||
r-release-linux-x86_64 | 0.4 | 1.57 | 24.39 | 25.96 | OK | |
r-release-windows-ix86+x86_64 | 0.4 | 4.00 | 49.00 | 53.00 | OK | |
r-release-osx-x86_64 | 0.4 | NOTE | ||||
r-oldrel-windows-ix86+x86_64 | 0.4 | 2.00 | 48.00 | 50.00 | OK | |
r-oldrel-osx-x86_64 | 0.4 | NOTE |
Version: 0.4
Check: dependencies in R code
Result: NOTE
Namespace in Imports field not imported from: ‘fda’
All declared Imports should be used.
Flavors: r-devel-linux-x86_64-fedora-clang, r-devel-linux-x86_64-fedora-gcc, r-patched-solaris-x86, r-release-osx-x86_64, r-oldrel-osx-x86_64