CRAN Package Check Results for Package plm

Last updated on 2019-06-18 01:48:48 CEST.

Flavor Version Tinstall Tcheck Ttotal Status Flags
r-devel-linux-x86_64-debian-clang 2.0-1 16.37 461.73 478.10 OK
r-devel-linux-x86_64-debian-gcc 2.0-1 13.60 349.67 363.27 OK
r-devel-linux-x86_64-fedora-clang 2.0-1 564.65 OK
r-devel-linux-x86_64-fedora-gcc 2.0-1 548.55 OK
r-devel-windows-ix86+x86_64 2.0-1 42.00 676.00 718.00 OK
r-patched-linux-x86_64 2.0-1 17.94 453.15 471.09 OK
r-patched-solaris-x86 2.0-1 775.60 NOTE
r-release-linux-x86_64 2.0-1 16.36 454.99 471.35 OK
r-release-windows-ix86+x86_64 2.0-1 28.00 536.00 564.00 OK
r-release-osx-x86_64 2.0-1 OK
r-oldrel-windows-ix86+x86_64 2.0-1 18.00 383.00 401.00 OK
r-oldrel-osx-x86_64 2.0-1 OK

Check Details

Version: 2.0-1
Check: installed package size
Result: NOTE
     installed size is 5.2Mb
     sub-directories of 1Mb or more:
     doc 2.9Mb
Flavor: r-patched-solaris-x86