CRAN Package Check Results for Package pmml

Last updated on 2019-06-18 01:48:48 CEST.

Flavor Version Tinstall Tcheck Ttotal Status Flags
r-devel-linux-x86_64-debian-clang 2.0.0 10.56 271.93 282.49 OK
r-devel-linux-x86_64-debian-gcc 2.0.0 10.52 196.67 207.19 OK
r-devel-linux-x86_64-fedora-clang 2.0.0 302.61 OK
r-devel-linux-x86_64-fedora-gcc 2.0.0 293.86 OK
r-devel-windows-ix86+x86_64 2.0.0 25.00 345.00 370.00 OK
r-patched-linux-x86_64 2.0.0 11.27 254.43 265.70 OK
r-patched-solaris-x86 2.0.0 191.00 ERROR
r-release-linux-x86_64 2.0.0 13.52 257.36 270.88 OK
r-release-windows-ix86+x86_64 2.0.0 19.00 358.00 377.00 OK
r-release-osx-x86_64 2.0.0 OK
r-oldrel-windows-ix86+x86_64 2.0.0 12.00 243.00 255.00 OK
r-oldrel-osx-x86_64 2.0.0 OK

Check Details

Version: 2.0.0
Check: package dependencies
Result: NOTE
    Package suggested but not available for checking: ‘xgboost’
Flavor: r-patched-solaris-x86

Version: 2.0.0
Check: tests
Result: ERROR
     Running ‘testthat.R’ [38s/43s]
    Running the tests in ‘tests/testthat.R’ failed.
    Complete output:
     > library(testthat)
     > library(pmml, quietly = T)
     >
     > test_check("pmml")
     ── 1. Error: (unknown) (@test_pmml.miningschema.R#3) ──────────────────────────
     there is no package called 'xgboost'
     1: library(xgboost) at testthat/test_pmml.miningschema.R:3
    
     ── 2. Error: (unknown) (@test_pmml.xgb.Booster.R#5) ───────────────────────────
     there is no package called 'xgboost'
     1: library(xgboost) at testthat/test_pmml.xgb.Booster.R:5
    
     ── 3. Error: (unknown) (@test_schema_validation.R#11) ─────────────────────────
     there is no package called 'xgboost'
     1: library(xgboost) at testthat/test_schema_validation.R:11
    
     ══ testthat results ═══════════════════════════════════════════════════════════
     OK: 122 SKIPPED: 1 WARNINGS: 0 FAILED: 3
     1. Error: (unknown) (@test_pmml.miningschema.R#3)
     2. Error: (unknown) (@test_pmml.xgb.Booster.R#5)
     3. Error: (unknown) (@test_schema_validation.R#11)
    
     Error: testthat unit tests failed
     Execution halted
Flavor: r-patched-solaris-x86