CRAN Package Check Results for Package poliscidata

Last updated on 2019-06-18 01:48:48 CEST.

Flavor Version Tinstall Tcheck Ttotal Status Flags
r-devel-linux-x86_64-debian-clang 2.2.3 15.28 107.90 123.18 NOTE
r-devel-linux-x86_64-debian-gcc 2.2.3 13.99 85.46 99.45 NOTE
r-devel-linux-x86_64-fedora-clang 2.2.3 148.15 NOTE
r-devel-linux-x86_64-fedora-gcc 2.2.3 144.22 NOTE
r-devel-windows-ix86+x86_64 2.2.3 52.00 136.00 188.00 OK
r-patched-linux-x86_64 2.2.3 15.02 105.81 120.83 OK
r-patched-solaris-x86 2.2.3 244.80 OK
r-release-linux-x86_64 2.2.3 17.02 106.03 123.05 OK
r-release-windows-ix86+x86_64 2.2.3 34.00 200.00 234.00 OK
r-release-osx-x86_64 2.2.3 OK
r-oldrel-windows-ix86+x86_64 2.2.3 23.00 175.00 198.00 OK
r-oldrel-osx-x86_64 2.2.3 OK

Check Details

Version: 2.2.3
Check: for non-standard things in the check directory
Result: NOTE
    Found the following files/directories:
     'Table.Output.html'
Flavors: r-devel-linux-x86_64-debian-clang, r-devel-linux-x86_64-debian-gcc, r-devel-linux-x86_64-fedora-clang, r-devel-linux-x86_64-fedora-gcc