Last updated on 2019-06-18 01:48:48 CEST.
Flavor | Version | Tinstall | Tcheck | Ttotal | Status | Flags |
---|---|---|---|---|---|---|
r-devel-linux-x86_64-debian-clang | 1.4-0 | 2.33 | 27.85 | 30.18 | OK | |
r-devel-linux-x86_64-debian-gcc | 1.4-0 | 1.79 | 22.52 | 24.31 | OK | |
r-devel-linux-x86_64-fedora-clang | 1.4-0 | 38.05 | OK | |||
r-devel-linux-x86_64-fedora-gcc | 1.4-0 | 36.37 | OK | |||
r-devel-windows-ix86+x86_64 | 1.4-0 | 8.00 | 75.00 | 83.00 | OK | |
r-patched-linux-x86_64 | 1.4-0 | 2.19 | 27.36 | 29.55 | OK | |
r-patched-solaris-x86 | 1.4-0 | 49.90 | OK | |||
r-release-linux-x86_64 | 1.4-0 | 2.20 | 27.57 | 29.77 | OK | |
r-release-windows-ix86+x86_64 | 1.4-0 | 5.00 | 77.00 | 82.00 | OK | |
r-release-osx-x86_64 | 1.4-0 | WARN | ||||
r-oldrel-windows-ix86+x86_64 | 1.4-0 | 4.00 | 79.00 | 83.00 | OK | |
r-oldrel-osx-x86_64 | 1.4-0 | OK |
Version: 1.4-0
Check: re-building of vignette outputs
Result: WARN
Error(s) in re-building vignettes:
...
--- re-building ‘polynomials.Rmd’ using rmarkdown
Warning in engine$weave(file, quiet = quiet, encoding = enc) :
Pandoc (>= 1.12.3) and/or pandoc-citeproc not available. Falling back to R Markdown v1.
Error: processing vignette 'polynomials.Rmd' failed with diagnostics:
there is no package called 'stringi'
--- failed re-building ‘polynomials.Rmd’
SUMMARY: processing the following file failed:
‘polynomials.Rmd’
Error: Vignette re-building failed.
Execution halted
Flavor: r-release-osx-x86_64