CRAN Package Check Results for Package processx

Last updated on 2019-06-18 01:48:48 CEST.

Flavor Version Tinstall Tcheck Ttotal Status Flags
r-devel-linux-x86_64-debian-clang 3.3.1 6.67 37.24 43.91 OK
r-devel-linux-x86_64-debian-gcc 3.3.1 4.97 31.74 36.71 OK
r-devel-linux-x86_64-fedora-clang 3.3.1 49.97 OK
r-devel-linux-x86_64-fedora-gcc 3.3.1 49.59 OK
r-devel-windows-ix86+x86_64 3.3.1 79.00 114.00 193.00 OK
r-patched-linux-x86_64 3.3.1 6.54 37.45 43.99 OK
r-patched-solaris-x86 3.3.1 78.90 WARN
r-release-linux-x86_64 3.3.1 5.57 37.55 43.12 ERROR
r-release-windows-ix86+x86_64 3.3.1 44.00 125.00 169.00 OK
r-release-osx-x86_64 3.3.1 OK
r-oldrel-windows-ix86+x86_64 3.3.1 44.00 120.00 164.00 OK
r-oldrel-osx-x86_64 3.3.1 OK

Check Details

Version: 3.3.1
Check: for unstated dependencies in ‘tests’
Result: WARN
    Warning in deparse(e[[2L]]) :
     it is not known that wchar_t is Unicode on this platform
    Warning in deparse(e[[2L]]) :
     it is not known that wchar_t is Unicode on this platform
    Warning in deparse(e[[2L]]) :
     it is not known that wchar_t is Unicode on this platform
    Warning in deparse(e[[2L]]) :
     it is not known that wchar_t is Unicode on this platform
Flavor: r-patched-solaris-x86

Version: 3.3.1
Check: tests
Result: ERROR
     Running ‘testthat.R’ [15s/35s]
    Running the tests in ‘tests/testthat.R’ failed.
    Complete output:
     > library(testthat)
     > library(processx)
     >
     > Sys.setenv("R_TESTS" = "")
     >
     > test_check("processx", reporter = "summary")
     assertions: ........................................................................................................................................................................
     character IO: ...........
     Cleanup: ..
     Connections: ........
     environment: ..
     extra connections: SSS
     io: ..................S..........
     kill_tree: SSSSSS.S
     polling connections: .........
     poll-curl: SSS
     poll stress test: S
     poll: ................
     poll multiple processes: ......................................................................................................
     poll connection: .........
     print: ..
     process: ..........
     ps methods: .....1........
     run: ......................................................................
     set std streams: ............................
     SIGCHLD handler interference: SSSSSS
     stdin: SSSSSS
     stress test: SSS
     utils: SS..........................................
     waiting on processes: S.......
    
     ══ Skipped ═════════════════════════════════════════════════════════════════════
     1. writing to extra connection (@test-extra-connections.R#6) - On CRAN
    
     2. reading from extra connection (@test-extra-connections.R#30) - On CRAN
    
     3. reading and writing to extra connection (@test-extra-connections.R#59) - On CRAN
    
     4. readChar on IO, windows (@test-io.R#135) - only run it on windows
    
     5. tree ids are inherited (@test-kill-tree.R#5) - On CRAN
    
     6. tree ids are inherited if env is specified (@test-kill-tree.R#35) - On CRAN
    
     7. kill_tree (@test-kill-tree.R#67) - On CRAN
    
     8. kill_tree with children (@test-kill-tree.R#85) - On CRAN
    
     9. kill_tree and orphaned children (@test-kill-tree.R#114) - On CRAN
    
     10. cleanup_tree option (@test-kill-tree.R#150) - On CRAN
    
     11. cleanup_tree stress test (@test-kill-tree.R#231) - On CRAN
    
     12. curl fds (@test-poll-curl.R#8) - On CRAN
    
     13. curl fds before others (@test-poll-curl.R#57) - On CRAN
    
     14. process fd before curl fd (@test-poll-curl.R#88) - On CRAN
    
     15. many processes (@test-poll-stress.R#5) - On CRAN
    
     16. is_alive() (@test-sigchld.R#6) - no extra tests
    
     17. finalizer (@test-sigchld.R#24) - no extra tests
    
     18. get_exit_status (@test-sigchld.R#41) - no extra tests
    
     19. signal (@test-sigchld.R#58) - no extra tests
    
     20. kill (@test-sigchld.R#76) - no extra tests
    
     21. SIGCHLD handler (@test-sigchld.R#94) - no extra tests
    
     22. stdin (@test-stdin.R#6) - On CRAN
    
     23. stdin & stdout (@test-stdin.R#28) - On CRAN
    
     24. stdin buffer full (@test-stdin.R#50) - On CRAN
    
     25. file as stdin (@test-stdin.R#66) - On CRAN
    
     26. large file as stdin (@test-stdin.R#85) - On CRAN
    
     27. writing raw (@test-stdin.R#103) - On CRAN
    
     28. can start 100 processes quickly (@test-stress.R#5) - On CRAN
    
     29. run() a lot of times, with small timeouts (@test-stress.R#12) - On CRAN
    
     30. run() and kill while polling (@test-stress.R#27) - On CRAN
    
     31. full_path gives correct values (@test-utils.R#5) - On CRAN
    
     32. full_path gives correct values, windows (@test-utils.R#41) - only run it on windows
    
     33. no deadlock when no stdout + wait (@test-wait.R#6) - failure would freeze
    
     ══ Failed ══════════════════════════════════════════════════════════════════════
     ── 1. Failure: ps methods (@test-ps-methods.R#18) ─────────────────────────────
     p$get_status() not equal to ps::ps_status(ps).
     1/1 mismatches
     x[1]: "running"
     y[1]: "sleeping"
    
     ══ DONE ════════════════════════════════════════════════════════════════════════
     Keep trying!
     Error: Test failures
     Execution halted
Flavor: r-release-linux-x86_64