CRAN Package Check Results for Package propr

Last updated on 2019-06-18 01:48:48 CEST.

Flavor Version Tinstall Tcheck Ttotal Status Flags
r-devel-linux-x86_64-debian-clang 4.1.1 60.08 172.12 232.20 OK
r-devel-linux-x86_64-debian-gcc 4.1.1 48.31 136.60 184.91 OK
r-devel-linux-x86_64-fedora-clang 4.1.1 301.11 NOTE
r-devel-linux-x86_64-fedora-gcc 4.1.1 286.73 NOTE
r-devel-windows-ix86+x86_64 4.1.1 178.00 301.00 479.00 OK
r-patched-linux-x86_64 4.1.1 58.06 175.29 233.35 OK
r-patched-solaris-x86 4.1.1 405.60 NOTE
r-release-linux-x86_64 4.1.1 56.87 168.80 225.67 OK
r-release-windows-ix86+x86_64 4.1.1 123.00 317.00 440.00 OK
r-release-osx-x86_64 4.1.1 NOTE
r-oldrel-windows-ix86+x86_64 4.1.1 107.00 299.00 406.00 OK
r-oldrel-osx-x86_64 4.1.1 NOTE

Check Details

Version: 4.1.1
Check: installed package size
Result: NOTE
     installed size is 5.1Mb
     sub-directories of 1Mb or more:
     data 1.5Mb
     libs 2.4Mb
Flavor: r-devel-linux-x86_64-fedora-clang

Version: 4.1.1
Check: dependencies in R code
Result: NOTE
    Namespace in Imports field not imported from: ‘utils’
     All declared Imports should be used.
Flavors: r-devel-linux-x86_64-fedora-clang, r-devel-linux-x86_64-fedora-gcc, r-patched-solaris-x86, r-release-osx-x86_64, r-oldrel-osx-x86_64

Version: 4.1.1
Check: package dependencies
Result: NOTE
    Packages suggested but not available for checking:
     'ALDEx2', 'Biobase', 'limma'
Flavor: r-release-osx-x86_64

Version: 4.1.1
Check: package dependencies
Result: NOTE
    Package suggested but not available for checking: ‘ALDEx2’
Flavor: r-oldrel-osx-x86_64