CRAN Package Check Results for Package provSummarizeR

Last updated on 2019-06-18 01:48:48 CEST.

Flavor Version Tinstall Tcheck Ttotal Status Flags
r-devel-linux-x86_64-debian-clang 1.0 1.59 26.81 28.40 NOTE
r-devel-linux-x86_64-debian-gcc 1.0 1.49 21.70 23.19 NOTE
r-devel-linux-x86_64-fedora-clang 1.0 34.27 NOTE
r-devel-linux-x86_64-fedora-gcc 1.0 32.58 NOTE
r-devel-windows-ix86+x86_64 1.0 8.00 43.00 51.00 NOTE
r-patched-linux-x86_64 1.0 1.73 26.56 28.29 NOTE
r-patched-solaris-x86 1.0 43.80 NOTE
r-release-linux-x86_64 1.0 1.80 26.70 28.50 NOTE
r-release-windows-ix86+x86_64 1.0 4.00 47.00 51.00 NOTE
r-release-osx-x86_64 1.0 NOTE
r-oldrel-windows-ix86+x86_64 1.0 3.00 44.00 47.00 NOTE
r-oldrel-osx-x86_64 1.0 NOTE

Check Details

Version: 1.0
Check: package dependencies
Result: NOTE
    Package suggested but not available for checking: 'rdt'
Flavors: r-devel-linux-x86_64-debian-clang, r-devel-linux-x86_64-debian-gcc, r-devel-linux-x86_64-fedora-clang, r-devel-linux-x86_64-fedora-gcc, r-devel-windows-ix86+x86_64, r-patched-linux-x86_64, r-patched-solaris-x86, r-release-linux-x86_64, r-release-windows-ix86+x86_64, r-release-osx-x86_64, r-oldrel-windows-ix86+x86_64, r-oldrel-osx-x86_64