CRAN Package Check Results for Package quadrupen

Last updated on 2019-06-18 01:48:49 CEST.

Flavor Version Tinstall Tcheck Ttotal Status Flags
r-devel-linux-x86_64-debian-clang 0.2-6 101.65 75.66 177.31 OK
r-devel-linux-x86_64-debian-gcc 0.2-6 82.15 60.04 142.19 OK
r-devel-linux-x86_64-fedora-clang 0.2-6 252.30 NOTE
r-devel-linux-x86_64-fedora-gcc 0.2-6 226.47 OK
r-devel-windows-ix86+x86_64 0.2-6 254.00 127.00 381.00 OK
r-patched-linux-x86_64 0.2-6 93.97 74.37 168.34 OK
r-patched-solaris-x86 0.2-6 261.50 OK
r-release-linux-x86_64 0.2-6 96.74 73.87 170.61 OK
r-release-windows-ix86+x86_64 0.2-6 207.00 165.00 372.00 OK
r-release-osx-x86_64 0.2-6 NOTE
r-oldrel-windows-ix86+x86_64 0.2-6 176.00 159.00 335.00 OK
r-oldrel-osx-x86_64 0.2-6 NOTE

Check Details

Version: 0.2-6
Check: installed package size
Result: NOTE
     installed size is 8.6Mb
     sub-directories of 1Mb or more:
     libs 8.2Mb
Flavors: r-devel-linux-x86_64-fedora-clang, r-release-osx-x86_64, r-oldrel-osx-x86_64