Last updated on 2019-06-18 01:48:49 CEST.
Flavor | Version | Tinstall | Tcheck | Ttotal | Status | Flags |
---|---|---|---|---|---|---|
r-devel-linux-x86_64-debian-clang | 0.1.2 | 2.85 | 38.18 | 41.03 | OK | |
r-devel-linux-x86_64-debian-gcc | 0.1.2 | 2.51 | 29.49 | 32.00 | OK | |
r-devel-linux-x86_64-fedora-clang | 0.1.2 | 48.39 | NOTE | |||
r-devel-linux-x86_64-fedora-gcc | 0.1.2 | 46.11 | NOTE | |||
r-devel-windows-ix86+x86_64 | 0.1.2 | 8.00 | 74.00 | 82.00 | OK | |
r-patched-linux-x86_64 | 0.1.2 | 2.92 | 37.69 | 40.61 | OK | |
r-patched-solaris-x86 | 0.1.2 | 74.90 | NOTE | |||
r-release-linux-x86_64 | 0.1.2 | 2.67 | 37.34 | 40.01 | OK | |
r-release-windows-ix86+x86_64 | 0.1.2 | 7.00 | 88.00 | 95.00 | OK | |
r-release-osx-x86_64 | 0.1.2 | NOTE | ||||
r-oldrel-windows-ix86+x86_64 | 0.1.2 | 5.00 | 64.00 | 69.00 | OK | |
r-oldrel-osx-x86_64 | 0.1.2 | NOTE |
Version: 0.1.2
Check: dependencies in R code
Result: NOTE
Namespaces in Imports field not imported from:
‘data.table’ ‘dplyr’ ‘lmerTest’
All declared Imports should be used.
Flavors: r-devel-linux-x86_64-fedora-clang, r-devel-linux-x86_64-fedora-gcc, r-patched-solaris-x86, r-release-osx-x86_64, r-oldrel-osx-x86_64