CRAN Package Check Results for Package rARPACK

Last updated on 2019-06-18 01:48:50 CEST.

Flavor Version Tinstall Tcheck Ttotal Status Flags
r-devel-linux-x86_64-debian-clang 0.11-0 6.54 50.28 56.82 OK
r-devel-linux-x86_64-debian-gcc 0.11-0 5.14 40.34 45.48 OK
r-devel-linux-x86_64-fedora-clang 0.11-0 68.21 OK
r-devel-linux-x86_64-fedora-gcc 0.11-0 65.59 OK
r-devel-windows-ix86+x86_64 0.11-0 16.00 84.00 100.00 OK
r-patched-linux-x86_64 0.11-0 4.95 49.74 54.69 OK
r-patched-solaris-x86 0.11-0 114.10 OK
r-release-linux-x86_64 0.11-0 5.81 49.70 55.51 OK
r-release-windows-ix86+x86_64 0.11-0 5.00 5.00 10.00 ERROR
r-release-osx-x86_64 0.11-0 OK
r-oldrel-windows-ix86+x86_64 0.11-0 7.00 80.00 87.00 OK
r-oldrel-osx-x86_64 0.11-0 OK

Check Details

Version: 0.11-0
Check: whether package can be installed
Result: ERROR
    Installation failed.
Flavor: r-release-windows-ix86+x86_64