Last updated on 2019-06-18 01:48:50 CEST.
Flavor | Version | Tinstall | Tcheck | Ttotal | Status | Flags |
---|---|---|---|---|---|---|
r-devel-linux-x86_64-debian-clang | 0.7.2 | 71.83 | 96.56 | 168.39 | OK | |
r-devel-linux-x86_64-debian-gcc | 0.7.2 | 67.89 | 78.36 | 146.25 | OK | |
r-devel-linux-x86_64-fedora-clang | 0.7.2 | 250.86 | NOTE | |||
r-devel-linux-x86_64-fedora-gcc | 0.7.2 | 232.46 | OK | |||
r-devel-windows-ix86+x86_64 | 0.7.2 | 201.00 | 202.00 | 403.00 | OK | |
r-patched-linux-x86_64 | 0.7.2 | 85.66 | 99.06 | 184.72 | OK | |
r-patched-solaris-x86 | 0.7.2 | 262.50 | OK | |||
r-release-linux-x86_64 | 0.7.2 | 78.17 | 98.67 | 176.84 | OK | |
r-release-windows-ix86+x86_64 | 0.7.2 | 158.00 | 224.00 | 382.00 | OK | |
r-release-osx-x86_64 | 0.7.2 | NOTE | ||||
r-oldrel-windows-ix86+x86_64 | 0.7.2 | 140.00 | 184.00 | 324.00 | OK | |
r-oldrel-osx-x86_64 | 0.7.2 | NOTE |
Version: 0.7.2
Check: installed package size
Result: NOTE
installed size is 17.6Mb
sub-directories of 1Mb or more:
doc 2.1Mb
libs 15.2Mb
Flavors: r-devel-linux-x86_64-fedora-clang, r-release-osx-x86_64, r-oldrel-osx-x86_64