CRAN Package Check Results for Package rcanvec

Last updated on 2019-06-18 01:48:50 CEST.

Flavor Version Tinstall Tcheck Ttotal Status Flags
r-devel-linux-x86_64-debian-clang 0.2.1 3.32 29.99 33.31 NOTE
r-devel-linux-x86_64-debian-gcc 0.2.1 2.62 24.71 27.33 NOTE
r-devel-linux-x86_64-fedora-clang 0.2.1 40.63 NOTE
r-devel-linux-x86_64-fedora-gcc 0.2.1 38.68 NOTE
r-devel-windows-ix86+x86_64 0.2.1 9.00 44.00 53.00 OK
r-patched-linux-x86_64 0.2.1 3.77 30.27 34.04 OK
r-patched-solaris-x86 0.2.1 66.30 OK
r-release-linux-x86_64 0.2.1 3.11 30.53 33.64 OK
r-release-windows-ix86+x86_64 0.2.1 7.00 60.00 67.00 OK
r-release-osx-x86_64 0.2.1 OK
r-oldrel-windows-ix86+x86_64 0.2.1 4.00 59.00 63.00 OK
r-oldrel-osx-x86_64 0.2.1 OK

Check Details

Version: 0.2.1
Check: for non-standard things in the check directory
Result: NOTE
    Found the following files/directories:
     'rcanvec.cache'
Flavors: r-devel-linux-x86_64-debian-clang, r-devel-linux-x86_64-debian-gcc, r-devel-linux-x86_64-fedora-clang, r-devel-linux-x86_64-fedora-gcc