CRAN Package Check Results for Package rdtLite

Last updated on 2019-06-18 01:48:50 CEST.

Flavor Version Tinstall Tcheck Ttotal Status Flags
r-devel-linux-x86_64-debian-clang 1.1.0 5.14 35.37 40.51 OK
r-devel-linux-x86_64-debian-gcc 1.1.0 4.08 28.25 32.33 OK
r-devel-linux-x86_64-fedora-clang 1.1.0 48.28 NOTE
r-devel-linux-x86_64-fedora-gcc 1.1.0 46.86 NOTE
r-devel-windows-ix86+x86_64 1.1.0 12.00 67.00 79.00 OK
r-patched-linux-x86_64 1.1.0 6.00 35.62 41.62 OK
r-patched-solaris-x86 1.1.0 69.60 NOTE
r-release-linux-x86_64 1.1.0 4.47 35.64 40.11 OK
r-release-windows-ix86+x86_64 1.1.0 10.00 50.00 60.00 OK
r-release-osx-x86_64 1.1.0 NOTE
r-oldrel-windows-ix86+x86_64 1.0.2 6.00 64.00 70.00 OK
r-oldrel-osx-x86_64 1.1.0 ERROR

Check Details

Version: 1.1.0
Check: dependencies in R code
Result: NOTE
    Namespace in Imports field not imported from: ‘gtools’
     All declared Imports should be used.
Flavors: r-devel-linux-x86_64-fedora-clang, r-devel-linux-x86_64-fedora-gcc, r-patched-solaris-x86, r-release-osx-x86_64

Version: 1.1.0
Check: whether package can be installed
Result: ERROR
    Installation failed.
Flavor: r-oldrel-osx-x86_64