Last updated on 2019-06-18 01:48:50 CEST.
Flavor | Version | Tinstall | Tcheck | Ttotal | Status | Flags |
---|---|---|---|---|---|---|
r-devel-linux-x86_64-debian-clang | 0.74 | 4.48 | 55.38 | 59.86 | OK | |
r-devel-linux-x86_64-debian-gcc | 0.74 | 3.45 | 43.93 | 47.38 | OK | |
r-devel-linux-x86_64-fedora-clang | 0.74 | 78.20 | NOTE | |||
r-devel-linux-x86_64-fedora-gcc | 0.74 | 77.96 | NOTE | |||
r-devel-windows-ix86+x86_64 | 0.74 | 14.00 | 114.00 | 128.00 | OK | |
r-patched-linux-x86_64 | 0.74 | 4.61 | 54.55 | 59.16 | OK | |
r-patched-solaris-x86 | 0.74 | 143.40 | NOTE | |||
r-release-linux-x86_64 | 0.74 | 4.58 | 55.49 | 60.07 | OK | |
r-release-windows-ix86+x86_64 | 0.74 | 10.00 | 112.00 | 122.00 | OK | |
r-release-osx-x86_64 | 0.74 | NOTE | ||||
r-oldrel-windows-ix86+x86_64 | 0.74 | 8.00 | 113.00 | 121.00 | OK | |
r-oldrel-osx-x86_64 | 0.74 | NOTE |
Version: 0.74
Check: data for non-ASCII characters
Result: NOTE
Note: found 1 marked Latin-1 string
Note: found 1 marked UTF-8 string
Note: found 7 strings marked as "bytes"
Flavors: r-devel-linux-x86_64-fedora-clang, r-devel-linux-x86_64-fedora-gcc, r-patched-solaris-x86, r-release-osx-x86_64, r-oldrel-osx-x86_64