CRAN Package Check Results for Package recexcavAAR

Last updated on 2019-06-18 01:48:50 CEST.

Flavor Version Tinstall Tcheck Ttotal Status Flags
r-devel-linux-x86_64-debian-clang 0.3.0 56.57 49.49 106.06 OK
r-devel-linux-x86_64-debian-gcc 0.3.0 51.89 39.04 90.93 OK
r-devel-linux-x86_64-fedora-clang 0.3.0 156.45 NOTE
r-devel-linux-x86_64-fedora-gcc 0.3.0 148.63 OK
r-devel-windows-ix86+x86_64 0.3.0 155.00 131.00 286.00 OK
r-patched-linux-x86_64 0.3.0 60.17 47.71 107.88 OK
r-patched-solaris-x86 0.3.0 153.50 WARN
r-release-linux-x86_64 0.3.0 58.13 48.50 106.63 OK
r-release-windows-ix86+x86_64 0.3.0 110.00 137.00 247.00 OK
r-release-osx-x86_64 0.3.0 WARN
r-oldrel-windows-ix86+x86_64 0.3.0 107.00 118.00 225.00 OK
r-oldrel-osx-x86_64 0.3.0 WARN

Check Details

Version: 0.3.0
Check: installed package size
Result: NOTE
     installed size is 5.5Mb
     sub-directories of 1Mb or more:
     doc 2.5Mb
     libs 2.8Mb
Flavor: r-devel-linux-x86_64-fedora-clang

Version: 0.3.0
Check: re-building of vignette outputs
Result: WARN
    Error(s) in re-building vignettes:
     ...
    --- re-building ‘recexcavAAR-vignette-1.Rmd’ using rmarkdown
    Warning in engine$weave(file, quiet = quiet, encoding = enc) :
     Pandoc (>= 1.12.3) and/or pandoc-citeproc not available. Falling back to R Markdown v1.
    Quitting from lines 13-17 (recexcavAAR-vignette-1.Rmd)
    Error: processing vignette 'recexcavAAR-vignette-1.Rmd' failed with diagnostics:
    These vignettes assume pandoc version 1.13.1; older versions will not work.
    --- failed re-building ‘recexcavAAR-vignette-1.Rmd’
    
    --- re-building ‘recexcavAAR-vignette-2.Rmd’ using rmarkdown
    Warning in engine$weave(file, quiet = quiet, encoding = enc) :
     Pandoc (>= 1.12.3) and/or pandoc-citeproc not available. Falling back to R Markdown v1.
    Quitting from lines 13-17 (recexcavAAR-vignette-2.Rmd)
    Error: processing vignette 'recexcavAAR-vignette-2.Rmd' failed with diagnostics:
    These vignettes assume pandoc version 1.13.1; older versions will not work.
    --- failed re-building ‘recexcavAAR-vignette-2.Rmd’
    
    --- re-building ‘recexcavAAR-vignette-3.Rmd’ using rmarkdown
    Warning in engine$weave(file, quiet = quiet, encoding = enc) :
     Pandoc (>= 1.12.3) and/or pandoc-citeproc not available. Falling back to R Markdown v1.
    Quitting from lines 13-17 (recexcavAAR-vignette-3.Rmd)
    Error: processing vignette 'recexcavAAR-vignette-3.Rmd' failed with diagnostics:
    These vignettes assume pandoc version 1.13.1; older versions will not work.
    --- failed re-building ‘recexcavAAR-vignette-3.Rmd’
    
    SUMMARY: processing the following files failed:
     ‘recexcavAAR-vignette-1.Rmd’ ‘recexcavAAR-vignette-2.Rmd’
     ‘recexcavAAR-vignette-3.Rmd’
    
    Error: Vignette re-building failed.
    Execution halted
Flavor: r-patched-solaris-x86

Version: 0.3.0
Check: re-building of vignette outputs
Result: WARN
    Error(s) in re-building vignettes:
    --- re-building ‘recexcavAAR-vignette-1.Rmd’ using rmarkdown
    Warning in engine$weave(file, quiet = quiet, encoding = enc) :
     Pandoc (>= 1.12.3) and/or pandoc-citeproc not available. Falling back to R Markdown v1.
    Quitting from lines 13-17 (recexcavAAR-vignette-1.Rmd)
    Error: processing vignette 'recexcavAAR-vignette-1.Rmd' failed with diagnostics:
    These vignettes assume pandoc version 1.13.1; older versions will not work.
    --- failed re-building ‘recexcavAAR-vignette-1.Rmd’
    
    --- re-building ‘recexcavAAR-vignette-2.Rmd’ using rmarkdown
    Warning in engine$weave(file, quiet = quiet, encoding = enc) :
     Pandoc (>= 1.12.3) and/or pandoc-citeproc not available. Falling back to R Markdown v1.
    Quitting from lines 13-17 (recexcavAAR-vignette-2.Rmd)
    Error: processing vignette 'recexcavAAR-vignette-2.Rmd' failed with diagnostics:
    These vignettes assume pandoc version 1.13.1; older versions will not work.
    --- failed re-building ‘recexcavAAR-vignette-2.Rmd’
    
    --- re-building ‘recexcavAAR-vignette-3.Rmd’ using rmarkdown
    Warning in engine$weave(file, quiet = quiet, encoding = enc) :
     Pandoc (>= 1.12.3) and/or pandoc-citeproc not available. Falling back to R Markdown v1.
    Quitting from lines 13-17 (recexcavAAR-vignette-3.Rmd)
    Error: processing vignette 'recexcavAAR-vignette-3.Rmd' failed with diagnostics:
    These vignettes assume pandoc version 1.13.1; older versions will not work.
    --- failed re-building ‘recexcavAAR-vignette-3.Rmd’
    
    SUMMARY: processing the following files failed:
     ‘recexcavAAR-vignette-1.Rmd’ ‘recexcavAAR-vignette-2.Rmd’
     ‘recexcavAAR-vignette-3.Rmd’
    
    Error: Vignette re-building failed.
    Execution halted
Flavor: r-release-osx-x86_64

Version: 0.3.0
Check: re-building of vignette outputs
Result: WARN
    Error in re-building vignettes:
     ...
    Warning in engine$weave(file, quiet = quiet, encoding = enc) :
     Pandoc (>= 1.12.3) and/or pandoc-citeproc not available. Falling back to R Markdown v1.
    Quitting from lines 13-17 (recexcavAAR-vignette-1.Rmd)
    Error: processing vignette 'recexcavAAR-vignette-1.Rmd' failed with diagnostics:
    These vignettes assume pandoc version 1.13.1; older versions will not work.
    Execution halted
Flavor: r-oldrel-osx-x86_64