CRAN Package Check Results for Package retistruct

Last updated on 2019-06-18 01:48:51 CEST.

Flavor Version Tinstall Tcheck Ttotal Status Flags
r-devel-linux-x86_64-debian-clang 0.5.12 10.81 91.03 101.84 OK
r-devel-linux-x86_64-debian-gcc 0.5.12 9.07 69.10 78.17 OK
r-devel-linux-x86_64-fedora-clang 0.5.12 120.37 OK
r-devel-linux-x86_64-fedora-gcc 0.5.12 119.88 OK
r-devel-windows-ix86+x86_64 0.5.12 34.00 169.00 203.00 OK
r-patched-linux-x86_64 0.5.12 9.35 95.27 104.62 OK
r-patched-solaris-x86 0.5.12 201.00 OK
r-release-linux-x86_64 0.5.12 10.84 94.99 105.83 OK
r-release-windows-ix86+x86_64 0.5.12 25.00 235.00 260.00 OK
r-release-osx-x86_64 0.5.12 WARN
r-oldrel-windows-ix86+x86_64 0.5.12 16.00 199.00 215.00 OK
r-oldrel-osx-x86_64 0.5.12 NOTE

Additional issues

MKL

Check Details

Version: 0.5.12
Check: package dependencies
Result: NOTE
    Packages suggested but not available for checking:
     'gWidgets2RGtk2', 'cairoDevice', 'RGtk2'
Flavor: r-release-osx-x86_64

Version: 0.5.12
Check: whether package can be installed
Result: WARN
    Found the following significant warnings:
     Warning: 'rgl_init' failed, running with rgl.useNULL = TRUE
Flavor: r-release-osx-x86_64

Version: 0.5.12
Check: package dependencies
Result: NOTE
    Packages suggested but not available for checking:
     ‘gWidgets2RGtk2’ ‘cairoDevice’ ‘RGtk2’
Flavor: r-oldrel-osx-x86_64