CRAN Package Check Results for Package rgdal

Last updated on 2019-06-18 01:48:51 CEST.

Flavor Version Tinstall Tcheck Ttotal Status Flags
r-devel-linux-x86_64-debian-clang 1.4-4 28.70 79.02 107.72 OK
r-devel-linux-x86_64-debian-gcc 1.4-4 21.92 64.69 86.61 OK
r-devel-linux-x86_64-fedora-clang 1.4-4 133.32 OK
r-devel-linux-x86_64-fedora-gcc 1.4-4 126.02 OK
r-devel-windows-ix86+x86_64 1.4-4 210.00 428.00 638.00 NOTE
r-patched-linux-x86_64 1.4-4 26.94 79.82 106.76 OK
r-patched-solaris-x86 1.4-4 180.90 OK
r-release-linux-x86_64 1.4-4 25.04 79.64 104.68 OK
r-release-windows-ix86+x86_64 1.4-4 157.00 499.00 656.00 NOTE
r-release-osx-x86_64 1.4-4 NOTE
r-oldrel-windows-ix86+x86_64 1.4-4 156.00 534.00 690.00 NOTE
r-oldrel-osx-x86_64 1.4-4 NOTE

Additional issues

valgrind

Check Details

Version: 1.4-4
Check: installed package size
Result: NOTE
     installed size is 80.4Mb
     sub-directories of 1Mb or more:
     gdal 3.9Mb
     libs 68.7Mb
     pictures 1.3Mb
     proj 5.0Mb
Flavors: r-devel-windows-ix86+x86_64, r-release-windows-ix86+x86_64, r-release-osx-x86_64, r-oldrel-windows-ix86+x86_64, r-oldrel-osx-x86_64