Last updated on 2019-06-18 01:48:51 CEST.
Flavor | Version | Tinstall | Tcheck | Ttotal | Status | Flags |
---|---|---|---|---|---|---|
r-devel-linux-x86_64-debian-clang | 0.4-3 | 14.91 | 53.13 | 68.04 | OK | |
r-devel-linux-x86_64-debian-gcc | 0.4-3 | 11.10 | 42.60 | 53.70 | OK | |
r-devel-linux-x86_64-fedora-clang | 0.4-3 | 80.52 | OK | |||
r-devel-linux-x86_64-fedora-gcc | 0.4-3 | 76.95 | OK | |||
r-devel-windows-ix86+x86_64 | 0.4-3 | 120.00 | 112.00 | 232.00 | OK | |
r-patched-linux-x86_64 | 0.4-3 | 14.16 | 53.34 | 67.50 | OK | |
r-patched-solaris-x86 | 0.4-3 | 106.20 | OK | |||
r-release-linux-x86_64 | 0.4-3 | 12.19 | 53.46 | 65.65 | OK | |
r-release-windows-ix86+x86_64 | 0.4-3 | 138.00 | 156.00 | 294.00 | OK | |
r-release-osx-x86_64 | 0.4-3 | NOTE | ||||
r-oldrel-windows-ix86+x86_64 | 0.4-3 | 101.00 | 140.00 | 241.00 | OK | |
r-oldrel-osx-x86_64 | 0.4-3 | NOTE |
Version: 0.4-3
Check: installed package size
Result: NOTE
installed size is 20.0Mb
sub-directories of 1Mb or more:
libs 19.2Mb
Flavors: r-release-osx-x86_64, r-oldrel-osx-x86_64