Last updated on 2019-06-18 01:48:52 CEST.
Flavor | Version | Tinstall | Tcheck | Ttotal | Status | Flags |
---|---|---|---|---|---|---|
r-devel-linux-x86_64-debian-clang | 1.3.0 | 8.58 | 171.81 | 180.39 | OK | |
r-devel-linux-x86_64-debian-gcc | 1.3.0 | 7.33 | 131.04 | 138.37 | OK | |
r-devel-linux-x86_64-fedora-clang | 1.3.0 | 211.96 | OK | |||
r-devel-linux-x86_64-fedora-gcc | 1.3.0 | 216.60 | OK | |||
r-devel-windows-ix86+x86_64 | 1.3.0 | 29.00 | 112.00 | 141.00 | OK | |
r-patched-linux-x86_64 | 1.3.0 | 10.55 | 165.57 | 176.12 | OK | |
r-patched-solaris-x86 | 1.3.0 | 276.90 | NOTE | |||
r-release-linux-x86_64 | 1.3.0 | 7.30 | 165.40 | 172.70 | OK | |
r-release-windows-ix86+x86_64 | 1.3.0 | 19.00 | 156.00 | 175.00 | OK | |
r-release-osx-x86_64 | 1.3.0 | OK | ||||
r-oldrel-windows-ix86+x86_64 | 1.3.0 | 12.00 | 147.00 | 159.00 | OK | |
r-oldrel-osx-x86_64 | 1.3.0 | OK |
Version: 1.3.0
Check: installed package size
Result: NOTE
installed size is 5.3Mb
sub-directories of 1Mb or more:
java 4.4Mb
Flavor: r-patched-solaris-x86