Last updated on 2019-06-18 01:48:52 CEST.
Flavor | Version | Tinstall | Tcheck | Ttotal | Status | Flags |
---|---|---|---|---|---|---|
r-devel-linux-x86_64-debian-clang | 4.1.1 | 19.33 | 102.24 | 121.57 | WARN | |
r-devel-linux-x86_64-debian-gcc | 4.1.1 | 15.01 | 76.32 | 91.33 | WARN | |
r-devel-linux-x86_64-fedora-clang | 4.1.1 | 145.32 | WARN | |||
r-devel-linux-x86_64-fedora-gcc | 4.1.1 | 137.89 | WARN | |||
r-devel-windows-ix86+x86_64 | 4.1.1 | 56.00 | 174.00 | 230.00 | OK | |
r-patched-linux-x86_64 | 4.1.1 | 20.09 | 100.63 | 120.72 | WARN | |
r-patched-solaris-x86 | 4.1.1 | 202.20 | OK | |||
r-release-linux-x86_64 | 4.1.1 | 18.67 | 102.04 | 120.71 | WARN | |
r-release-windows-ix86+x86_64 | 4.1.1 | 42.00 | 237.00 | 279.00 | OK | |
r-release-osx-x86_64 | 4.1.1 | WARN | ||||
r-oldrel-windows-ix86+x86_64 | 4.1.1 | 31.00 | 215.00 | 246.00 | OK | |
r-oldrel-osx-x86_64 | 4.1.1 | WARN |
Version: 4.1.1
Check: whether package can be installed
Result: WARN
Found the following significant warnings:
./hammock.h:369:15: warning: assigning field to itself [-Wself-assign-field]
Flavors: r-devel-linux-x86_64-debian-clang, r-devel-linux-x86_64-fedora-clang, r-release-osx-x86_64, r-oldrel-osx-x86_64
Version: 4.1.1
Check: whether package can be installed
Result: WARN
Found the following significant warnings:
robust.cpp:665:25: warning: catching polymorphic type ‘class std::exception’ by value [-Wcatch-value=]
Flavors: r-devel-linux-x86_64-debian-gcc, r-devel-linux-x86_64-fedora-gcc, r-patched-linux-x86_64, r-release-linux-x86_64