CRAN Package Check Results for Package rosetta

Last updated on 2019-06-18 01:48:52 CEST.

Flavor Version Tinstall Tcheck Ttotal Status Flags
r-devel-linux-x86_64-debian-clang 0.0.1 3.91 40.04 43.95 OK
r-devel-linux-x86_64-debian-gcc 0.0.1 3.42 31.73 35.15 OK
r-devel-linux-x86_64-fedora-clang 0.0.1 51.88 NOTE
r-devel-linux-x86_64-fedora-gcc 0.0.1 49.70 NOTE
r-devel-windows-ix86+x86_64 0.0.1 15.00 55.00 70.00 OK
r-patched-linux-x86_64 0.0.1 3.93 39.02 42.95 OK
r-patched-solaris-x86 0.0.1 80.50 NOTE
r-release-linux-x86_64 0.0.1 4.62 39.45 44.07 OK
r-release-windows-ix86+x86_64 0.0.1 10.00 79.00 89.00 OK
r-release-osx-x86_64 0.0.1 NOTE
r-oldrel-windows-ix86+x86_64 0.0.1 6.00 72.00 78.00 OK
r-oldrel-osx-x86_64 0.0.1 NOTE

Check Details

Version: 0.0.1
Check: dependencies in R code
Result: NOTE
    Namespaces in Imports field not imported from:
     ‘gridExtra’ ‘methods’
     All declared Imports should be used.
Flavors: r-devel-linux-x86_64-fedora-clang, r-devel-linux-x86_64-fedora-gcc, r-patched-solaris-x86, r-release-osx-x86_64, r-oldrel-osx-x86_64