Last updated on 2019-06-18 01:48:52 CEST.
Flavor | Version | Tinstall | Tcheck | Ttotal | Status | Flags |
---|---|---|---|---|---|---|
r-devel-linux-x86_64-debian-clang | 1.5 | 97.89 | 88.23 | 186.12 | OK | |
r-devel-linux-x86_64-debian-gcc | 1.5 | 83.04 | 68.33 | 151.37 | OK | |
r-devel-linux-x86_64-fedora-clang | 1.5 | 268.61 | NOTE | |||
r-devel-linux-x86_64-fedora-gcc | 1.5 | 246.52 | NOTE | |||
r-devel-windows-ix86+x86_64 | 1.5 | 291.00 | 223.00 | 514.00 | NOTE | |
r-patched-linux-x86_64 | 1.5 | 96.09 | 86.94 | 183.03 | OK | |
r-patched-solaris-x86 | 1.5 | 280.30 | OK | |||
r-release-linux-x86_64 | 1.5 | 94.64 | 87.25 | 181.89 | OK | |
r-release-windows-ix86+x86_64 | 1.5 | 205.00 | 239.00 | 444.00 | NOTE | |
r-release-osx-x86_64 | 1.5 | WARN | ||||
r-oldrel-windows-ix86+x86_64 | 1.5 | 180.00 | 207.00 | 387.00 | NOTE | |
r-oldrel-osx-x86_64 | 1.5 | NOTE |
Version: 1.5
Check: installed package size
Result: NOTE
installed size is 9.4Mb
sub-directories of 1Mb or more:
R 1.1Mb
data 2.3Mb
libs 5.5Mb
Flavors: r-devel-linux-x86_64-fedora-clang, r-devel-windows-ix86+x86_64, r-release-windows-ix86+x86_64, r-release-osx-x86_64, r-oldrel-windows-ix86+x86_64, r-oldrel-osx-x86_64
Version: 1.5
Check: compiled code
Result: NOTE
File ‘rotations/libs/rotations.so’:
Found no calls to: ‘R_registerRoutines’, ‘R_useDynamicSymbols’
It is good practice to register native routines and to disable symbol
search.
See ‘Writing portable packages’ in the ‘Writing R Extensions’ manual.
Flavors: r-devel-linux-x86_64-fedora-clang, r-devel-linux-x86_64-fedora-gcc
Version: 1.5
Check: whether package can be installed
Result: WARN
Found the following significant warnings:
Warning: 'rgl_init' failed, running with rgl.useNULL = TRUE
Flavor: r-release-osx-x86_64