Last updated on 2019-06-18 01:48:54 CEST.
Flavor | Version | Tinstall | Tcheck | Ttotal | Status | Flags |
---|---|---|---|---|---|---|
r-devel-linux-x86_64-debian-clang | 2.0.15 | 8.12 | 72.50 | 80.62 | OK | |
r-devel-linux-x86_64-debian-gcc | 2.0.15 | 7.79 | 58.43 | 66.22 | OK | |
r-devel-linux-x86_64-fedora-clang | 2.0.15 | 99.32 | NOTE | |||
r-devel-linux-x86_64-fedora-gcc | 2.0.15 | 96.82 | NOTE | |||
r-devel-windows-ix86+x86_64 | 2.0.15 | 30.00 | 115.00 | 145.00 | OK | |
r-patched-linux-x86_64 | 2.0.15 | 9.98 | 72.82 | 82.80 | OK | |
r-patched-solaris-x86 | 2.0.15 | 153.00 | OK | |||
r-release-linux-x86_64 | 2.0.15 | 9.10 | 72.45 | 81.55 | OK | |
r-release-windows-ix86+x86_64 | 2.0.15 | 22.00 | 151.00 | 173.00 | OK | |
r-release-osx-x86_64 | 2.0.15 | OK | ||||
r-oldrel-windows-ix86+x86_64 | 2.0.15 | 15.00 | 142.00 | 157.00 | OK | |
r-oldrel-osx-x86_64 | 2.0.15 | OK |
Version: 2.0.15
Check: compiled code
Result: NOTE
File ‘sde/libs/sde.so’:
Found no call to: ‘R_useDynamicSymbols’
It is good practice to register native routines and to disable symbol
search.
See ‘Writing portable packages’ in the ‘Writing R Extensions’ manual.
Flavors: r-devel-linux-x86_64-fedora-clang, r-devel-linux-x86_64-fedora-gcc