CRAN Package Check Results for Package secr

Last updated on 2019-06-18 01:48:54 CEST.

Flavor Version Tinstall Tcheck Ttotal Status Flags
r-devel-linux-x86_64-debian-clang 3.2.1 72.16 286.81 358.97 NOTE
r-devel-linux-x86_64-debian-gcc 3.2.1 62.16 225.36 287.52 NOTE
r-devel-linux-x86_64-fedora-clang 3.2.1 440.25 NOTE
r-devel-linux-x86_64-fedora-gcc 3.2.1 426.51 NOTE
r-devel-windows-ix86+x86_64 3.2.1 165.00 547.00 712.00 OK
r-patched-linux-x86_64 3.2.1 70.21 288.61 358.82 OK
r-patched-solaris-x86 3.2.1 657.00 OK
r-release-linux-x86_64 3.2.1 66.38 290.21 356.59 OK
r-release-windows-ix86+x86_64 3.2.1 135.00 562.00 697.00 OK
r-release-osx-x86_64 3.2.1 OK
r-oldrel-windows-ix86+x86_64 3.2.1 119.00 318.00 437.00 OK
r-oldrel-osx-x86_64 3.2.1 OK

Check Details

Version: 3.2.1
Check: for non-standard things in the check directory
Result: NOTE
    Found the following files/directories:
     'ovenCHcapt.txt' 'ovenCHtrap.txt'
Flavors: r-devel-linux-x86_64-debian-clang, r-devel-linux-x86_64-debian-gcc, r-devel-linux-x86_64-fedora-clang, r-devel-linux-x86_64-fedora-gcc