CRAN Package Check Results for Package sejmRP

Last updated on 2019-06-18 01:48:54 CEST.

Flavor Version Tinstall Tcheck Ttotal Status Flags
r-devel-linux-x86_64-debian-clang 1.3.4 6.70 45.03 51.73 OK
r-devel-linux-x86_64-debian-gcc 1.3.4 4.85 36.57 41.42 OK
r-devel-linux-x86_64-fedora-clang 1.3.4 60.38 NOTE
r-devel-linux-x86_64-fedora-gcc 1.3.4 57.67 NOTE
r-devel-windows-ix86+x86_64 1.3.4 26.00 61.00 87.00 OK
r-patched-linux-x86_64 1.3.4 5.87 44.77 50.64 OK
r-patched-solaris-x86 1.3.4 97.60 NOTE
r-release-linux-x86_64 1.3.4 5.90 44.51 50.41 OK
r-release-windows-ix86+x86_64 1.3.4 13.00 90.00 103.00 OK
r-release-osx-x86_64 1.3.4 NOTE
r-oldrel-windows-ix86+x86_64 1.3.4 10.00 76.00 86.00 OK
r-oldrel-osx-x86_64 1.3.4 NOTE

Check Details

Version: 1.3.4
Check: dependencies in R code
Result: NOTE
    Namespaces in Imports field not imported from:
     ‘cluster’ ‘factoextra’ ‘tidyr’
     All declared Imports should be used.
Flavors: r-devel-linux-x86_64-fedora-clang, r-devel-linux-x86_64-fedora-gcc, r-patched-solaris-x86, r-release-osx-x86_64, r-oldrel-osx-x86_64