Last updated on 2019-06-18 01:48:54 CEST.
Flavor | Version | Tinstall | Tcheck | Ttotal | Status | Flags |
---|---|---|---|---|---|---|
r-devel-linux-x86_64-debian-clang | 0.7 | 2.35 | 18.80 | 21.15 | NOTE | |
r-devel-linux-x86_64-debian-gcc | 0.7 | 1.80 | 15.61 | 17.41 | NOTE | |
r-devel-linux-x86_64-fedora-clang | 0.7 | 26.13 | NOTE | |||
r-devel-linux-x86_64-fedora-gcc | 0.7 | 24.75 | NOTE | |||
r-devel-windows-ix86+x86_64 | 0.7 | 5.00 | 32.00 | 37.00 | NOTE | |
r-patched-linux-x86_64 | 0.7 | 2.08 | 19.30 | 21.38 | NOTE | |
r-patched-solaris-x86 | 0.7 | 40.60 | NOTE | |||
r-release-linux-x86_64 | 0.7 | 2.54 | 19.15 | 21.69 | NOTE | |
r-release-windows-ix86+x86_64 | 0.7 | 6.00 | 44.00 | 50.00 | NOTE | |
r-release-osx-x86_64 | 0.7 | NOTE | ||||
r-oldrel-windows-ix86+x86_64 | 0.7 | 3.00 | 30.00 | 33.00 | NOTE | |
r-oldrel-osx-x86_64 | 0.7 | NOTE |
Version: 0.7
Check: DESCRIPTION meta-information
Result: NOTE
Malformed Description field: should contain one or more complete sentences.
Flavors: r-devel-linux-x86_64-debian-clang, r-devel-linux-x86_64-debian-gcc, r-devel-linux-x86_64-fedora-clang, r-devel-linux-x86_64-fedora-gcc, r-devel-windows-ix86+x86_64, r-patched-linux-x86_64, r-patched-solaris-x86, r-release-linux-x86_64, r-release-windows-ix86+x86_64, r-release-osx-x86_64, r-oldrel-windows-ix86+x86_64, r-oldrel-osx-x86_64
Version: 0.7
Check: dependencies in R code
Result: NOTE
'library' or 'require' call to 'foreign' which was already attached by Depends.
Please remove these calls from your code.
Flavors: r-devel-linux-x86_64-debian-clang, r-devel-linux-x86_64-debian-gcc, r-devel-linux-x86_64-fedora-clang, r-devel-linux-x86_64-fedora-gcc, r-devel-windows-ix86+x86_64, r-patched-linux-x86_64, r-patched-solaris-x86, r-release-linux-x86_64, r-release-windows-ix86+x86_64, r-release-osx-x86_64, r-oldrel-windows-ix86+x86_64, r-oldrel-osx-x86_64