Last updated on 2019-06-18 01:48:54 CEST.
Flavor | Version | Tinstall | Tcheck | Ttotal | Status | Flags |
---|---|---|---|---|---|---|
r-devel-linux-x86_64-debian-clang | 1.2.4 | 12.29 | 91.96 | 104.25 | OK | |
r-devel-linux-x86_64-debian-gcc | 1.2.4 | 10.31 | 71.03 | 81.34 | OK | |
r-devel-linux-x86_64-fedora-clang | 1.2.4 | 123.62 | OK | |||
r-devel-linux-x86_64-fedora-gcc | 1.2.4 | 119.30 | OK | |||
r-devel-windows-ix86+x86_64 | 1.2.4 | 35.00 | 106.00 | 141.00 | OK | |
r-patched-linux-x86_64 | 1.2.4 | 12.02 | 91.70 | 103.72 | OK | |
r-patched-solaris-x86 | 1.2.4 | 168.50 | OK | |||
r-release-linux-x86_64 | 1.2.4 | 13.80 | 92.65 | 106.45 | OK | |
r-release-windows-ix86+x86_64 | 1.2.4 | 21.00 | 148.00 | 169.00 | OK | |
r-release-osx-x86_64 | 1.2.4 | WARN | ||||
r-oldrel-windows-ix86+x86_64 | 1.2.4 | 17.00 | 116.00 | 133.00 | OK | |
r-oldrel-osx-x86_64 | 1.2.4 | WARN |
Version: 1.2.4
Check: whether package can be installed
Result: WARN
Found the following significant warnings:
Warning: 'rgl_init' failed, running with rgl.useNULL = TRUE
Flavors: r-release-osx-x86_64, r-oldrel-osx-x86_64