Last updated on 2019-06-18 01:48:54 CEST.
Flavor | Version | Tinstall | Tcheck | Ttotal | Status | Flags |
---|---|---|---|---|---|---|
r-devel-linux-x86_64-debian-clang | 0.2.4 | 2.13 | 25.51 | 27.64 | OK | |
r-devel-linux-x86_64-debian-gcc | 0.2.4 | 1.70 | 28.80 | 30.50 | OK | |
r-devel-linux-x86_64-fedora-clang | 0.2.4 | 45.29 | NOTE | |||
r-devel-linux-x86_64-fedora-gcc | 0.2.4 | 42.80 | NOTE | |||
r-devel-windows-ix86+x86_64 | 0.2.4 | 7.00 | 60.00 | 67.00 | OK | |
r-patched-linux-x86_64 | 0.2.4 | 2.19 | 35.52 | 37.71 | OK | |
r-patched-solaris-x86 | 0.2.4 | 73.00 | NOTE | |||
r-release-linux-x86_64 | 0.2.4 | 2.26 | 35.42 | 37.68 | OK | |
r-release-windows-ix86+x86_64 | 0.2.4 | 5.00 | 64.00 | 69.00 | OK | |
r-release-osx-x86_64 | 0.2.4 | NOTE | ||||
r-oldrel-windows-ix86+x86_64 | 0.2.4 | 3.00 | 65.00 | 68.00 | OK | |
r-oldrel-osx-x86_64 | 0.2.4 | NOTE |
Version: 0.2.4
Check: dependencies in R code
Result: NOTE
Namespace in Imports field not imported from: ‘dplyr’
All declared Imports should be used.
Flavors: r-devel-linux-x86_64-fedora-clang, r-devel-linux-x86_64-fedora-gcc, r-patched-solaris-x86, r-release-osx-x86_64, r-oldrel-osx-x86_64