Last updated on 2019-06-18 01:48:54 CEST.
Flavor | Version | Tinstall | Tcheck | Ttotal | Status | Flags |
---|---|---|---|---|---|---|
r-devel-linux-x86_64-debian-clang | 0.3-5 | 10.69 | 103.67 | 114.36 | OK | |
r-devel-linux-x86_64-debian-gcc | 0.3-5 | 9.31 | 83.45 | 92.76 | OK | |
r-devel-linux-x86_64-fedora-clang | 0.3-5 | 132.84 | OK | |||
r-devel-linux-x86_64-fedora-gcc | 0.3-5 | 130.65 | OK | |||
r-devel-windows-ix86+x86_64 | 0.3-5 | 24.00 | 111.00 | 135.00 | OK | |
r-patched-linux-x86_64 | 0.3-5 | 10.07 | 102.38 | 112.45 | OK | |
r-patched-solaris-x86 | 0.3-5 | 191.70 | OK | |||
r-release-linux-x86_64 | 0.3-5 | 9.50 | 102.10 | 111.60 | OK | |
r-release-windows-ix86+x86_64 | 0.3-5 | 18.00 | 152.00 | 170.00 | OK | |
r-release-osx-x86_64 | 0.3-5 | OK | ||||
r-oldrel-windows-ix86+x86_64 | 0.3-5 | 11.00 | 137.00 | 148.00 | OK | |
r-oldrel-osx-x86_64 | 0.3-5 | OK |
Version: 0.3-5
Check: examples
Result: FAIL
Flavor: r-release-osx-x86_64