CRAN Package Check Results for Package skmeans

Last updated on 2019-06-18 01:48:55 CEST.

Flavor Version Tinstall Tcheck Ttotal Status Flags
r-devel-linux-x86_64-debian-clang 0.2-11 2.52 30.73 33.25 NOTE
r-devel-linux-x86_64-debian-gcc 0.2-11 2.24 25.04 27.28 NOTE
r-devel-linux-x86_64-fedora-clang 0.2-11 41.43 NOTE
r-devel-linux-x86_64-fedora-gcc 0.2-11 39.50 NOTE
r-devel-windows-ix86+x86_64 0.2-11 9.00 44.00 53.00 NOTE
r-patched-linux-x86_64 0.2-11 2.60 31.02 33.62 NOTE
r-patched-solaris-x86 0.2-11 65.90 NOTE
r-release-linux-x86_64 0.2-11 3.23 31.23 34.46 NOTE
r-release-windows-ix86+x86_64 0.2-11 8.00 53.00 61.00 NOTE
r-release-osx-x86_64 0.2-11 NOTE
r-oldrel-windows-ix86+x86_64 0.2-11 5.00 54.00 59.00 NOTE
r-oldrel-osx-x86_64 0.2-11 NOTE

Check Details

Version: 0.2-11
Check: package dependencies
Result: NOTE
    Package which this enhances but not available for checking: 'kmndirs'
Flavors: r-devel-linux-x86_64-debian-clang, r-devel-linux-x86_64-debian-gcc, r-devel-linux-x86_64-fedora-clang, r-devel-linux-x86_64-fedora-gcc, r-devel-windows-ix86+x86_64, r-patched-linux-x86_64, r-patched-solaris-x86, r-release-linux-x86_64, r-release-windows-ix86+x86_64, r-release-osx-x86_64, r-oldrel-windows-ix86+x86_64, r-oldrel-osx-x86_64

Version: 0.2-11
Check: dependencies in R code
Result: NOTE
    Unavailable namespace imported from by a ':::' call: 'kmndirs'
     See the note in ?`:::` about the use of this operator.
Flavors: r-devel-linux-x86_64-debian-clang, r-devel-linux-x86_64-debian-gcc, r-devel-linux-x86_64-fedora-clang, r-devel-linux-x86_64-fedora-gcc, r-devel-windows-ix86+x86_64, r-patched-linux-x86_64, r-patched-solaris-x86, r-release-linux-x86_64, r-release-windows-ix86+x86_64, r-release-osx-x86_64, r-oldrel-windows-ix86+x86_64, r-oldrel-osx-x86_64