CRAN Package Check Results for Package skyscapeR

Last updated on 2019-06-18 01:48:55 CEST.

Flavor Version Tinstall Tcheck Ttotal Status Flags
r-devel-linux-x86_64-debian-clang 0.2.2 9.59 113.87 123.46 NOTE
r-devel-linux-x86_64-debian-gcc 0.2.2 8.13 88.71 96.84 NOTE
r-devel-linux-x86_64-fedora-clang 0.2.2 143.73 NOTE
r-devel-linux-x86_64-fedora-gcc 0.2.2 119.36 NOTE
r-devel-windows-ix86+x86_64 0.2.2 23.00 234.00 257.00 OK
r-patched-linux-x86_64 0.2.2 9.71 114.18 123.89 OK
r-patched-solaris-x86 0.2.2 337.50 OK
r-release-linux-x86_64 0.2.2 9.31 115.70 125.01 OK
r-release-windows-ix86+x86_64 0.2.2 17.00 229.00 246.00 OK
r-release-osx-x86_64 0.2.2 OK
r-oldrel-windows-ix86+x86_64 0.2.2 12.00 215.00 227.00 OK
r-oldrel-osx-x86_64 0.2.2 OK

Check Details

Version: 0.2.2
Check: for non-standard things in the check directory
Result: NOTE
    Found the following files/directories:
     'Test-horizon.zip'
Flavors: r-devel-linux-x86_64-debian-clang, r-devel-linux-x86_64-debian-gcc, r-devel-linux-x86_64-fedora-clang, r-devel-linux-x86_64-fedora-gcc