Last updated on 2019-06-18 01:48:55 CEST.
Flavor | Version | Tinstall | Tcheck | Ttotal | Status | Flags |
---|---|---|---|---|---|---|
r-devel-linux-x86_64-debian-clang | 0.4.0 | 42.10 | 40.46 | 82.56 | NOTE | |
r-devel-linux-x86_64-debian-gcc | 0.4.0 | 32.46 | 32.15 | 64.61 | NOTE | |
r-devel-linux-x86_64-fedora-clang | 0.4.0 | 122.84 | NOTE | |||
r-devel-linux-x86_64-fedora-gcc | 0.4.0 | 113.12 | NOTE | |||
r-devel-windows-ix86+x86_64 | 0.4.0 | 123.00 | 80.00 | 203.00 | NOTE | |
r-patched-linux-x86_64 | 0.4.0 | 42.23 | 40.07 | 82.30 | NOTE | |
r-patched-solaris-x86 | 0.4.0 | 130.50 | NOTE | |||
r-release-linux-x86_64 | 0.4.0 | 38.66 | 40.96 | 79.62 | NOTE | |
r-release-windows-ix86+x86_64 | 0.4.0 | 94.00 | 107.00 | 201.00 | NOTE | |
r-release-osx-x86_64 | 0.4.0 | NOTE | ||||
r-oldrel-windows-ix86+x86_64 | 0.4.0 | 81.00 | 97.00 | 178.00 | NOTE | |
r-oldrel-osx-x86_64 | 0.4.0 | NOTE |
Version: 0.4.0
Check: for GNU extensions in Makefiles
Result: NOTE
GNU make is a SystemRequirements.
Flavors: r-devel-linux-x86_64-debian-clang, r-devel-linux-x86_64-debian-gcc, r-devel-linux-x86_64-fedora-clang, r-devel-linux-x86_64-fedora-gcc, r-devel-windows-ix86+x86_64, r-patched-linux-x86_64, r-patched-solaris-x86, r-release-linux-x86_64, r-release-windows-ix86+x86_64, r-release-osx-x86_64, r-oldrel-windows-ix86+x86_64, r-oldrel-osx-x86_64