Last updated on 2019-06-18 01:48:55 CEST.
Flavor | Version | Tinstall | Tcheck | Ttotal | Status | Flags |
---|---|---|---|---|---|---|
r-devel-linux-x86_64-debian-clang | 0.0.7 | 3.12 | 47.86 | 50.98 | OK | |
r-devel-linux-x86_64-debian-gcc | 0.0.7 | 3.08 | 35.93 | 39.01 | OK | |
r-devel-linux-x86_64-fedora-clang | 0.0.7 | 55.65 | OK | |||
r-devel-linux-x86_64-fedora-gcc | 0.0.7 | 56.77 | OK | |||
r-devel-windows-ix86+x86_64 | 0.0.7 | 9.00 | 57.00 | 66.00 | OK | |
r-patched-linux-x86_64 | 0.0.7 | 3.86 | 47.31 | 51.17 | OK | |
r-patched-solaris-x86 | 0.0.7 | 82.60 | OK | |||
r-release-linux-x86_64 | 0.0.7 | 3.54 | 48.51 | 52.05 | OK | |
r-release-windows-ix86+x86_64 | 0.0.7 | 6.00 | 89.00 | 95.00 | OK | |
r-release-osx-x86_64 | 0.0.7 | ERROR | ||||
r-oldrel-windows-ix86+x86_64 | 0.0.7 | 4.00 | 81.00 | 85.00 | OK | |
r-oldrel-osx-x86_64 | 0.0.7 | NOTE |
Version: 0.0.7
Check: package dependencies
Result: NOTE
Packages suggested but not available for checking: 'graph', 'RCy3'
Flavor: r-release-osx-x86_64
Version: 0.0.7
Check: Rd cross-references
Result: NOTE
Packages unavailable to check Rd xrefs: ‘RCy3’, ‘graph’
Flavor: r-release-osx-x86_64
Version: 0.0.7
Check: tests
Result: ERROR
Running ‘testthat.R’ [4s/4s]
Running the tests in ‘tests/testthat.R’ failed.
Last 13 lines of output:
7: to_bn.edgeList(x$edges)
8: to_bn(to_graphNEL(x))
9: to_graphNEL(x)
10: stop("graph package (from BioConductor) required to coerce data to 'graphNEL' type!",
call. = FALSE)
══ testthat results ═══════════════════════════════════════════════════════════
OK: 265 SKIPPED: 3 WARNINGS: 0 FAILED: 4
1. Error: (unknown) (@test-as.R#7)
2. Error: (unknown) (@test-graphNEL.R#8)
3. Error: Coercion works on empty graphs (@test-x-compatibility.R#32)
4. Error: Coercion to bn works (@test-x-compatibility.R#108)
Error: testthat unit tests failed
Execution halted
Flavor: r-release-osx-x86_64
Version: 0.0.7
Check: package dependencies
Result: NOTE
Package suggested but not available for checking: ‘RCy3’
Flavor: r-oldrel-osx-x86_64
Version: 0.0.7
Check: Rd cross-references
Result: NOTE
Package unavailable to check Rd xrefs: ‘RCy3’
Flavor: r-oldrel-osx-x86_64