Last updated on 2019-06-18 01:48:55 CEST.
Flavor | Version | Tinstall | Tcheck | Ttotal | Status | Flags |
---|---|---|---|---|---|---|
r-devel-linux-x86_64-debian-clang | 3.0.2 | 9.82 | 113.98 | 123.80 | NOTE | |
r-devel-linux-x86_64-debian-gcc | 3.0.2 | 8.33 | 86.78 | 95.11 | NOTE | |
r-devel-linux-x86_64-fedora-clang | 3.0.2 | 146.45 | NOTE | |||
r-devel-linux-x86_64-fedora-gcc | 3.0.2 | 141.36 | NOTE | |||
r-devel-windows-ix86+x86_64 | 3.0.2 | 29.00 | 176.00 | 205.00 | OK | |
r-patched-linux-x86_64 | 3.0.2 | 9.14 | 109.26 | 118.40 | OK | |
r-patched-solaris-x86 | 3.0.2 | 192.50 | NOTE | |||
r-release-linux-x86_64 | 3.0.2 | 10.00 | 112.06 | 122.06 | OK | |
r-release-windows-ix86+x86_64 | 3.0.2 | 21.00 | 172.00 | 193.00 | OK | |
r-release-osx-x86_64 | 3.0.2 | NOTE | ||||
r-oldrel-windows-ix86+x86_64 | 3.0.2 | 17.00 | 166.00 | 183.00 | OK | |
r-oldrel-osx-x86_64 | 3.0.2 | NOTE |
Version: 3.0.2
Check: for non-standard things in the check directory
Result: NOTE
Found the following files/directories:
'Built_Emulation_RF_GLM.Rda' 'Ensemble_Testing_Velocity.pdf'
'GLM_TestSet_Velocity.pdf' 'GLM_TrainingSet_Velocity.pdf'
'RF_TestSet_Velocity.pdf' 'RF_TrainingSet_Velocity.pdf'
'built_ensemble.Rda' 'partitioned_data.Rda'
Flavors: r-devel-linux-x86_64-debian-clang, r-devel-linux-x86_64-debian-gcc, r-devel-linux-x86_64-fedora-clang, r-devel-linux-x86_64-fedora-gcc
Version: 3.0.2
Check: dependencies in R code
Result: NOTE
Namespace in Imports field not imported from: ‘gplots’
All declared Imports should be used.
Flavors: r-devel-linux-x86_64-fedora-clang, r-devel-linux-x86_64-fedora-gcc, r-patched-solaris-x86, r-release-osx-x86_64, r-oldrel-osx-x86_64