CRAN Package Check Results for Package spatial.tools

Last updated on 2019-06-18 01:48:55 CEST.

Flavor Version Tinstall Tcheck Ttotal Status Flags
r-devel-linux-x86_64-debian-clang 1.6.0 9.53 91.09 100.62 NOTE
r-devel-linux-x86_64-debian-gcc 1.6.0 7.92 72.11 80.03 NOTE
r-devel-linux-x86_64-fedora-clang 1.6.0 123.15 NOTE
r-devel-linux-x86_64-fedora-gcc 1.6.0 115.39 NOTE
r-devel-windows-ix86+x86_64 1.6.0 25.00 108.00 133.00 NOTE
r-patched-linux-x86_64 1.6.0 9.49 88.64 98.13 NOTE
r-patched-solaris-x86 1.6.0 217.10 NOTE
r-release-linux-x86_64 1.6.0 8.95 90.62 99.57 NOTE
r-release-windows-ix86+x86_64 1.6.0 18.00 137.00 155.00 NOTE
r-release-osx-x86_64 1.6.0 OK
r-oldrel-windows-ix86+x86_64 1.6.0 12.00 135.00 147.00 NOTE
r-oldrel-osx-x86_64 1.6.0 OK

Check Details

Version: 1.6.0
Check: dependencies in R code
Result: NOTE
    Missing or unexported object: 'randomForestSRC::quantileReg'
Flavors: r-devel-linux-x86_64-debian-clang, r-devel-linux-x86_64-debian-gcc, r-devel-linux-x86_64-fedora-clang, r-devel-linux-x86_64-fedora-gcc, r-devel-windows-ix86+x86_64, r-patched-linux-x86_64, r-patched-solaris-x86, r-release-linux-x86_64, r-release-windows-ix86+x86_64, r-oldrel-windows-ix86+x86_64