Last updated on 2019-06-18 01:48:56 CEST.
Flavor | Version | Tinstall | Tcheck | Ttotal | Status | Flags |
---|---|---|---|---|---|---|
r-devel-linux-x86_64-debian-clang | 3.12.0 | 13.01 | 109.37 | 122.38 | OK | |
r-devel-linux-x86_64-debian-gcc | 3.12.0 | 9.84 | 83.49 | 93.33 | OK | |
r-devel-linux-x86_64-fedora-clang | 3.12.0 | 138.83 | OK | |||
r-devel-linux-x86_64-fedora-gcc | 3.12.0 | 133.07 | OK | |||
r-devel-windows-ix86+x86_64 | 3.12.0 | 46.00 | 128.00 | 174.00 | OK | |
r-patched-linux-x86_64 | 3.12.0 | 11.69 | 103.59 | 115.28 | OK | |
r-patched-solaris-x86 | 3.12.0 | 221.20 | OK | |||
r-release-linux-x86_64 | 3.12.0 | 13.09 | 104.60 | 117.69 | OK | |
r-release-windows-ix86+x86_64 | 3.12.0 | 29.00 | 177.00 | 206.00 | OK | |
r-release-osx-x86_64 | 3.12.0 | ERROR | ||||
r-oldrel-windows-ix86+x86_64 | 3.12.0 | 20.00 | 158.00 | 178.00 | OK | |
r-oldrel-osx-x86_64 | 3.12.0 | OK |
Version: 3.12.0
Check: package dependencies
Result: ERROR
Package required but not available: ‘BiocGenerics’
See section ‘The DESCRIPTION file’ in the ‘Writing R Extensions’
manual.
Flavor: r-release-osx-x86_64