Last updated on 2019-06-18 01:48:56 CEST.
Flavor | Version | Tinstall | Tcheck | Ttotal | Status | Flags |
---|---|---|---|---|---|---|
r-devel-linux-x86_64-debian-clang | 1.0.3.4 | 16.09 | 159.38 | 175.47 | NOTE | |
r-devel-linux-x86_64-debian-gcc | 1.0.3.4 | 13.23 | 133.46 | 146.69 | NOTE | |
r-devel-linux-x86_64-fedora-clang | 1.0.3.4 | 205.11 | NOTE | |||
r-devel-linux-x86_64-fedora-gcc | 1.0.3.4 | 196.52 | NOTE | |||
r-devel-windows-ix86+x86_64 | 1.0.3.4 | 56.00 | 207.00 | 263.00 | OK | |
r-patched-linux-x86_64 | 1.0.3.4 | 15.27 | 155.76 | 171.03 | OK | |
r-patched-solaris-x86 | 1.0.3.4 | 329.40 | OK | |||
r-release-linux-x86_64 | 1.0.3.4 | 16.25 | 155.23 | 171.48 | OK | |
r-release-windows-ix86+x86_64 | 1.0.3.4 | 39.00 | 289.00 | 328.00 | OK | |
r-release-osx-x86_64 | 1.0.3.4 | ERROR | ||||
r-oldrel-windows-ix86+x86_64 | 1.0.3.4 | 24.00 | 318.00 | 342.00 | OK | |
r-oldrel-osx-x86_64 | 1.0.3.4 | ERROR |
Version: 1.0.3.4
Check: for non-standard things in the check directory
Result: NOTE
Found the following files/directories:
'EmiStatR_output' 'ExamplePlot-event.pdf' 'ExamplePlot-season.pdf'
'Output1_MC-uncertainty_360min-event.pdf'
'Output1_MC-uncertainty_360min-season.pdf' 'gof.RData' 'gof.csv'
'gofGoF_results.RData' 'gofGoF_results.csv' 'mc.RData' 'sim1.RData'
'summ.RData' 'variance.RData'
Flavors: r-devel-linux-x86_64-debian-clang, r-devel-linux-x86_64-debian-gcc, r-devel-linux-x86_64-fedora-clang, r-devel-linux-x86_64-fedora-gcc
Version: 1.0.3.4
Check: package dependencies
Result: ERROR
Package required but not available: ‘EmiStatR’
See section ‘The DESCRIPTION file’ in the ‘Writing R Extensions’
manual.
Flavor: r-release-osx-x86_64
Version: 1.0.3.4
Check: whether package can be installed
Result: ERROR
Installation failed.
Flavor: r-oldrel-osx-x86_64