CRAN Package Check Results for Package stacomiR

Last updated on 2019-06-18 01:48:56 CEST.

Flavor Version Tinstall Tcheck Ttotal Status Flags
r-devel-linux-x86_64-debian-clang 0.5.4.2 27.78 277.84 305.62 OK
r-devel-linux-x86_64-debian-gcc 0.5.4.2 22.27 215.76 238.03 OK
r-devel-linux-x86_64-fedora-clang 0.5.4.2 355.13 WARN
r-devel-linux-x86_64-fedora-gcc 0.5.4.2 343.67 WARN
r-devel-windows-ix86+x86_64 0.5.4.2 76.00 407.00 483.00 OK
r-patched-linux-x86_64 0.5.4.2 27.57 271.67 299.24 OK
r-patched-solaris-x86 0.5.4.2 545.20 WARN
r-release-linux-x86_64 0.5.4.2 29.56 277.21 306.77 OK
r-release-windows-ix86+x86_64 0.5.4.2 53.00 432.00 485.00 OK
r-release-osx-x86_64 0.5.4.2 ERROR
r-oldrel-windows-ix86+x86_64 0.5.4.2 40.00 393.00 433.00 OK
r-oldrel-osx-x86_64 0.5.4.2 ERROR

Check Details

Version: 0.5.4.2
Check: data for non-ASCII characters
Result: NOTE
     Note: found 40588 marked UTF-8 strings
Flavors: r-devel-linux-x86_64-fedora-clang, r-devel-linux-x86_64-fedora-gcc, r-patched-solaris-x86, r-release-osx-x86_64, r-oldrel-osx-x86_64

Version: 0.5.4.2
Check: re-building of vignette outputs
Result: WARN
    Error(s) in re-building vignettes:
    --- re-building ‘stacomir.Rmd’ using rmarkdown
    Quitting from lines 281-303 (stacomir.Rmd)
    Error: processing vignette 'stacomir.Rmd' failed with diagnostics:
    round(sum(datasub$value, na.rm = TRUE), 2) and round(sum(datasub2$value, na.rm = TRUE), 2) are not equal:
     Mean relative difference: 0.000996741
    --- failed re-building ‘stacomir.Rmd’
    
    SUMMARY: processing the following file failed:
     ‘stacomir.Rmd’
    
    Error: Vignette re-building failed.
    Execution halted
Flavors: r-devel-linux-x86_64-fedora-clang, r-devel-linux-x86_64-fedora-gcc

Version: 0.5.4.2
Check: re-building of vignette outputs
Result: WARN
    Error(s) in re-building vignettes:
     ...
    --- re-building ‘stacomir.Rmd’ using rmarkdown
    Warning in engine$weave(file, quiet = quiet, encoding = enc) :
     Pandoc (>= 1.12.3) and/or pandoc-citeproc not available. Falling back to R Markdown v1.
    Quitting from lines 281-303 (stacomir.Rmd)
    Error: processing vignette 'stacomir.Rmd' failed with diagnostics:
    round(sum(datasub$value, na.rm = TRUE), 2) and round(sum(datasub2$value, na.rm = TRUE), 2) are not equal:
     Mean relative difference: 0.000996741
    --- failed re-building ‘stacomir.Rmd’
    
    SUMMARY: processing the following file failed:
     ‘stacomir.Rmd’
    
    Error: Vignette re-building failed.
    Execution halted
Flavor: r-patched-solaris-x86

Version: 0.5.4.2
Check: examples
Result: ERROR
    Running examples in ‘stacomiR-Ex.R’ failed
    The error most likely occurred in:
    
    > ### Name: report_mig_mult-class
    > ### Title: Migration reports for multiple DC / species / stages
    > ### Aliases: report_mig_mult-class report_mig_mult
    > ### Keywords: classes
    >
    > ### ** Examples
    >
    > library(stacomiR)
    >
    > stacomi(gr_interface=FALSE,login_window=FALSE,database_expected=FALSE)
    > ## launches the application in the command line
    > ## here an example of loading
    > ## the following lines will only run if you have the program installed
    > ## and the iav scheme available in the database
    > ## this example generates the r_mig_mult dataset
    > ## Not run:
    > ##D stacomi(gr_interface=FALSE,
    > ##D login_window=FALSE,
    > ##D database_expected=TRUE)
    > ##D r_mig_mult=new("report_mig_mult")
    > ##D r_mig_mult=choice_c(r_mig_mult,
    > ##D dc=c(5,6,12),
    > ##D taxa=c("Anguilla anguilla"),
    > ##D stage=c("AGG","AGJ","CIV"),datedebut="2011-01-01",datefin="2011-12-31")
    > ##D r_mig_mult<-charge(r_mig_mult)
    > ##D # launching charge will also load classes associated with the report
    > ##D # e.g. report_ope, report_df, report_dc
    > ##D r_mig_mult<-connect(r_mig_mult)
    > ##D # calculations
    > ##D r_mig_mult<-calcule(r_mig_mult,silent=TRUE)
    > ##D
    > ##D
    > ## End(Not run)
    >
    > # Use this as example if you don't have a connexion to the database
    > data("r_mig_mult")
    > # The following re-create the object at the time of loading
    > # All three classes were created by the charge and connect
    > # method of report_mig_mult in the previous example
    > data("r_mig_mult_ope")
    > assign("report_ope",r_mig_mult_ope,envir=envir_stacomi)
    > data("r_mig_mult_df")
    > assign("report_df",r_mig_mult_df,envir=envir_stacomi)
    > data("r_mig_mult_dc")
    > assign("report_dc",r_mig_mult_dc,envir=envir_stacomi)
    > # use the following to get the raw data loaded by the connect method
    > # not shown there as the database and program might not be installed
    >
    > #Individual plot for all DC, taxa and stage where data present
    > #Silent=TRUE to turn off messages
    > # not run because of multiple graphical devices
    >
    > plot(r_mig_mult,plot.type="standard",silent=TRUE)
    dev.new(): using pdf(file="Rplots1.pdf")
    dev.new(): using pdf(file="Rplots2.pdf")
    Warning in max(eff/1000, na.rm = TRUE) :
     no non-missing arguments to max; returning -Inf
    Error in plot.window(...) : need finite 'ylim' values
    Calls: plot ... plot -> plot -> plot.default -> localWindow -> plot.window
    Execution halted
Flavors: r-release-osx-x86_64, r-oldrel-osx-x86_64