CRAN Package Check Results for Package starma

Last updated on 2019-06-18 01:48:56 CEST.

Flavor Version Tinstall Tcheck Ttotal Status Flags
r-devel-linux-x86_64-debian-clang 1.3 39.25 50.42 89.67 OK
r-devel-linux-x86_64-debian-gcc 1.3 33.56 38.84 72.40 OK
r-devel-linux-x86_64-fedora-clang 1.3 126.84 NOTE
r-devel-linux-x86_64-fedora-gcc 1.3 118.18 NOTE
r-devel-windows-ix86+x86_64 1.3 129.00 132.00 261.00 OK
r-patched-linux-x86_64 1.3 37.83 48.91 86.74 OK
r-patched-solaris-x86 1.3 144.50 OK
r-release-linux-x86_64 1.3 41.07 49.47 90.54 OK
r-release-windows-ix86+x86_64 1.3 89.00 137.00 226.00 OK
r-release-osx-x86_64 1.3 OK
r-oldrel-windows-ix86+x86_64 1.3 74.00 147.00 221.00 OK
r-oldrel-osx-x86_64 1.3 OK

Check Details

Version: 1.3
Check: compiled code
Result: NOTE
    File ‘starma/libs/starma.so’:
     Found no calls to: ‘R_registerRoutines’, ‘R_useDynamicSymbols’
    
    It is good practice to register native routines and to disable symbol
    search.
    
    See ‘Writing portable packages’ in the ‘Writing R Extensions’ manual.
Flavors: r-devel-linux-x86_64-fedora-clang, r-devel-linux-x86_64-fedora-gcc