Last updated on 2019-06-18 01:48:56 CEST.
Flavor | Version | Tinstall | Tcheck | Ttotal | Status | Flags |
---|---|---|---|---|---|---|
r-devel-linux-x86_64-debian-clang | 0.3-1 | 9.89 | 206.97 | 216.86 | NOTE | |
r-devel-linux-x86_64-debian-gcc | 0.3-1 | 7.56 | 161.73 | 169.29 | NOTE | |
r-devel-linux-x86_64-fedora-clang | 0.3-1 | 257.32 | NOTE | |||
r-devel-linux-x86_64-fedora-gcc | 0.3-1 | 247.16 | NOTE | |||
r-devel-windows-ix86+x86_64 | 0.3-1 | 26.00 | 300.00 | 326.00 | NOTE | |
r-patched-linux-x86_64 | 0.3-1 | 8.39 | 203.86 | 212.25 | NOTE | |
r-patched-solaris-x86 | 0.3-1 | 436.20 | NOTE | |||
r-release-linux-x86_64 | 0.3-1 | 9.29 | 203.61 | 212.90 | NOTE | |
r-release-windows-ix86+x86_64 | 0.3-1 | 19.00 | 319.00 | 338.00 | NOTE | |
r-release-osx-x86_64 | 0.3-1 | NOTE | ||||
r-oldrel-windows-ix86+x86_64 | 0.3-1 | 13.00 | 304.00 | 317.00 | NOTE | |
r-oldrel-osx-x86_64 | 0.3-1 | NOTE |
Version: 0.3-1
Check: package dependencies
Result: NOTE
Package suggested but not available for checking: 'starsdata'
Flavors: r-devel-linux-x86_64-debian-clang, r-devel-linux-x86_64-debian-gcc, r-devel-linux-x86_64-fedora-clang, r-devel-linux-x86_64-fedora-gcc, r-devel-windows-ix86+x86_64, r-patched-linux-x86_64, r-patched-solaris-x86, r-release-linux-x86_64, r-release-windows-ix86+x86_64, r-release-osx-x86_64, r-oldrel-windows-ix86+x86_64, r-oldrel-osx-x86_64
Version: 0.3-1
Check: installed package size
Result: NOTE
installed size is 16.0Mb
sub-directories of 1Mb or more:
doc 10.5Mb
nc 4.2Mb
Flavors: r-devel-linux-x86_64-fedora-clang, r-devel-windows-ix86+x86_64, r-patched-solaris-x86, r-release-windows-ix86+x86_64, r-release-osx-x86_64, r-oldrel-windows-ix86+x86_64, r-oldrel-osx-x86_64