CRAN Package Check Results for Package stationery

Last updated on 2019-06-18 01:48:56 CEST.

Flavor Version Tinstall Tcheck Ttotal Status Flags
r-devel-linux-x86_64-debian-clang 0.98.6 4.21 71.69 75.90 OK
r-devel-linux-x86_64-debian-gcc 0.98.6 3.19 58.72 61.91 OK
r-devel-linux-x86_64-fedora-clang 0.98.6 84.06 WARN
r-devel-linux-x86_64-fedora-gcc 0.98.6 81.17 WARN
r-devel-windows-ix86+x86_64 0.98.6 13.00 146.00 159.00 OK
r-patched-linux-x86_64 0.98.6 3.79 71.51 75.30 OK
r-patched-solaris-x86 0.98.6 115.70 OK
r-release-linux-x86_64 0.98.6 4.15 72.41 76.56 OK
r-release-windows-ix86+x86_64 0.98.6 9.00 158.00 167.00 OK
r-release-osx-x86_64 0.98.6 OK
r-oldrel-windows-ix86+x86_64 0.98.6 6.00 132.00 138.00 OK
r-oldrel-osx-x86_64 0.98.6 OK

Check Details

Version: 0.98.6
Check: re-building of vignette outputs
Result: WARN
    Error(s) in re-building vignettes:
    --- re-building ‘HTML_special_features.Rmd’ using rmarkdown
    --- finished re-building ‘HTML_special_features.Rmd’
    
    --- re-building ‘Rmarkdown.Rmd’ using rmarkdown
    pandoc: Cannot decode byte '\xa9': Data.Text.Internal.Encoding.streamDecodeUtf8With: Invalid UTF-8 stream
    Error: processing vignette 'Rmarkdown.Rmd' failed with diagnostics:
    pandoc document conversion failed with error 1
    --- failed re-building ‘Rmarkdown.Rmd’
    
    --- re-building ‘code_chunks.Rmd’ using rmarkdown
    OMP: Warning #96: Cannot form a team with 3 threads, using 2 instead.
    OMP: Hint Consider unsetting KMP_DEVICE_THREAD_LIMIT (KMP_ALL_THREADS), KMP_TEAMS_THREAD_LIMIT, and OMP_THREAD_LIMIT (if any are set).
    pandoc: Cannot decode byte '\xa9': Data.Text.Internal.Encoding.streamDecodeUtf8With: Invalid UTF-8 stream
    Error: processing vignette 'code_chunks.Rmd' failed with diagnostics:
    pandoc document conversion failed with error 1
    --- failed re-building ‘code_chunks.Rmd’
    
    --- re-building ‘stationery.Rnw’ using Sweave
    --- finished re-building ‘stationery.Rnw’
    
    SUMMARY: processing the following files failed:
     ‘Rmarkdown.Rmd’ ‘code_chunks.Rmd’
    
    Error: Vignette re-building failed.
    Execution halted
Flavor: r-devel-linux-x86_64-fedora-clang

Version: 0.98.6
Check: re-building of vignette outputs
Result: WARN
    Error(s) in re-building vignettes:
    --- re-building ‘HTML_special_features.Rmd’ using rmarkdown
    --- finished re-building ‘HTML_special_features.Rmd’
    
    --- re-building ‘Rmarkdown.Rmd’ using rmarkdown
    pandoc: Cannot decode byte '\xa9': Data.Text.Internal.Encoding.streamDecodeUtf8With: Invalid UTF-8 stream
    Error: processing vignette 'Rmarkdown.Rmd' failed with diagnostics:
    pandoc document conversion failed with error 1
    --- failed re-building ‘Rmarkdown.Rmd’
    
    --- re-building ‘code_chunks.Rmd’ using rmarkdown
    pandoc: Cannot decode byte '\xa9': Data.Text.Internal.Encoding.streamDecodeUtf8With: Invalid UTF-8 stream
    Error: processing vignette 'code_chunks.Rmd' failed with diagnostics:
    pandoc document conversion failed with error 1
    --- failed re-building ‘code_chunks.Rmd’
    
    --- re-building ‘stationery.Rnw’ using Sweave
    --- finished re-building ‘stationery.Rnw’
    
    SUMMARY: processing the following files failed:
     ‘Rmarkdown.Rmd’ ‘code_chunks.Rmd’
    
    Error: Vignette re-building failed.
    Execution halted
Flavor: r-devel-linux-x86_64-fedora-gcc