Last updated on 2019-06-18 01:48:56 CEST.
Flavor | Version | Tinstall | Tcheck | Ttotal | Status | Flags |
---|---|---|---|---|---|---|
r-devel-linux-x86_64-debian-clang | 1.4.3 | 97.34 | 50.62 | 147.96 | OK | |
r-devel-linux-x86_64-debian-gcc | 1.4.3 | 61.45 | 41.04 | 102.49 | OK | |
r-devel-linux-x86_64-fedora-clang | 1.4.3 | 238.91 | NOTE | |||
r-devel-linux-x86_64-fedora-gcc | 1.4.3 | 174.70 | OK | |||
r-devel-windows-ix86+x86_64 | 1.4.3 | 1257.00 | 123.00 | 1380.00 | NOTE | |
r-patched-linux-x86_64 | 1.4.3 | 78.26 | 51.06 | 129.32 | OK | |
r-patched-solaris-x86 | 1.4.3 | 834.30 | NOTE | |||
r-release-linux-x86_64 | 1.4.3 | 79.86 | 52.31 | 132.17 | OK | |
r-release-windows-ix86+x86_64 | 1.4.3 | 1183.00 | 152.00 | 1335.00 | NOTE | |
r-release-osx-x86_64 | 1.4.3 | NOTE | ||||
r-oldrel-windows-ix86+x86_64 | 1.4.3 | 1184.00 | 136.00 | 1320.00 | NOTE | |
r-oldrel-osx-x86_64 | 1.4.3 | NOTE |
Version: 1.4.3
Check: installed package size
Result: NOTE
installed size is 5.3Mb
sub-directories of 1Mb or more:
libs 4.6Mb
Flavors: r-devel-linux-x86_64-fedora-clang, r-devel-windows-ix86+x86_64, r-patched-solaris-x86, r-release-windows-ix86+x86_64, r-release-osx-x86_64, r-oldrel-windows-ix86+x86_64, r-oldrel-osx-x86_64