Last updated on 2019-06-18 01:48:57 CEST.
Flavor | Version | Tinstall | Tcheck | Ttotal | Status | Flags |
---|---|---|---|---|---|---|
r-devel-linux-x86_64-debian-clang | 0.9.3 | 13.78 | 87.23 | 101.01 | OK | |
r-devel-linux-x86_64-debian-gcc | 0.9.3 | 11.43 | 67.73 | 79.16 | OK | |
r-devel-linux-x86_64-fedora-clang | 0.9.3 | 121.96 | NOTE | |||
r-devel-linux-x86_64-fedora-gcc | 0.9.3 | 120.00 | NOTE | |||
r-devel-windows-ix86+x86_64 | 0.9.3 | 28.00 | 117.00 | 145.00 | OK | |
r-patched-linux-x86_64 | 0.9.3 | 15.60 | 87.06 | 102.66 | OK | |
r-patched-solaris-x86 | 0.9.3 | 211.60 | NOTE | |||
r-release-linux-x86_64 | 0.9.3 | 14.70 | 89.93 | 104.63 | OK | |
r-release-windows-ix86+x86_64 | 0.9.3 | 22.00 | 124.00 | 146.00 | OK | |
r-release-osx-x86_64 | 0.9.3 | NOTE | ||||
r-oldrel-windows-ix86+x86_64 | 0.9.3 | 13.00 | 119.00 | 132.00 | OK | |
r-oldrel-osx-x86_64 | 0.9.3 | NOTE |
Version: 0.9.3
Check: data for non-ASCII characters
Result: NOTE
Note: found 78 marked UTF-8 strings
Flavors: r-devel-linux-x86_64-fedora-clang, r-devel-linux-x86_64-fedora-gcc, r-patched-solaris-x86, r-release-osx-x86_64, r-oldrel-osx-x86_64