CRAN Package Check Results for Package symmoments

Last updated on 2019-06-18 01:48:57 CEST.

Flavor Version Tinstall Tcheck Ttotal Status Flags
r-devel-linux-x86_64-debian-clang 1.2 4.09 43.49 47.58 NOTE
r-devel-linux-x86_64-debian-gcc 1.2 3.14 34.76 37.90 NOTE
r-devel-linux-x86_64-fedora-clang 1.2 53.41 NOTE
r-devel-linux-x86_64-fedora-gcc 1.2 51.68 NOTE
r-devel-windows-ix86+x86_64 1.2 13.00 62.00 75.00 NOTE
r-patched-linux-x86_64 1.2 3.89 43.64 47.53 NOTE
r-patched-solaris-x86 1.2 87.30 NOTE
r-release-linux-x86_64 1.2 3.57 44.30 47.87 NOTE
r-release-windows-ix86+x86_64 1.2 9.00 88.00 97.00 NOTE
r-release-osx-x86_64 1.2 NOTE
r-oldrel-windows-ix86+x86_64 1.2 5.00 76.00 81.00 NOTE
r-oldrel-osx-x86_64 1.2 NOTE

Check Details

Version: 1.2
Check: R code for possible problems
Result: NOTE
    integrate.polynomial : f: no visible global function definition for
     'dmvnorm'
    Undefined global functions or variables:
     dmvnorm
Flavors: r-devel-linux-x86_64-debian-clang, r-devel-linux-x86_64-debian-gcc, r-devel-linux-x86_64-fedora-clang, r-devel-linux-x86_64-fedora-gcc, r-devel-windows-ix86+x86_64, r-patched-linux-x86_64, r-patched-solaris-x86, r-release-linux-x86_64, r-release-windows-ix86+x86_64, r-release-osx-x86_64, r-oldrel-windows-ix86+x86_64, r-oldrel-osx-x86_64