Last updated on 2019-06-18 01:48:57 CEST.
Flavor | Version | Tinstall | Tcheck | Ttotal | Status | Flags |
---|---|---|---|---|---|---|
r-devel-linux-x86_64-debian-clang | 1.0.4 | 10.77 | 125.32 | 136.09 | OK | |
r-devel-linux-x86_64-debian-gcc | 1.0.4 | 10.55 | 100.46 | 111.01 | OK | |
r-devel-linux-x86_64-fedora-clang | 1.0.4 | 172.07 | NOTE | |||
r-devel-linux-x86_64-fedora-gcc | 1.0.4 | 165.83 | OK | |||
r-devel-windows-ix86+x86_64 | 1.0.4 | 24.00 | 162.00 | 186.00 | OK | |
r-patched-linux-x86_64 | 1.0.4 | 10.48 | 126.02 | 136.50 | OK | |
r-patched-solaris-x86 | 1.0.4 | 309.30 | NOTE | |||
r-release-linux-x86_64 | 1.0.4 | 11.71 | 124.11 | 135.82 | OK | |
r-release-windows-ix86+x86_64 | 1.0.4 | 20.00 | 183.00 | 203.00 | OK | |
r-release-osx-x86_64 | 1.0.4 | OK | ||||
r-oldrel-windows-ix86+x86_64 | 1.0.4 | 14.00 | 178.00 | 192.00 | OK | |
r-oldrel-osx-x86_64 | 1.0.4 | OK |
Version: 1.0.4
Check: installed package size
Result: NOTE
installed size is 5.0Mb
sub-directories of 1Mb or more:
R 1.3Mb
extdata 3.1Mb
Flavors: r-devel-linux-x86_64-fedora-clang, r-patched-solaris-x86