Last updated on 2019-06-18 01:48:57 CEST.
Flavor | Version | Tinstall | Tcheck | Ttotal | Status | Flags |
---|---|---|---|---|---|---|
r-devel-linux-x86_64-debian-clang | 0.10.0 | 8.92 | 203.22 | 212.14 | OK | |
r-devel-linux-x86_64-debian-gcc | 0.10.0 | 7.28 | 151.86 | 159.14 | OK | |
r-devel-linux-x86_64-fedora-clang | 0.10.0 | 248.54 | NOTE | |||
r-devel-linux-x86_64-fedora-gcc | 0.10.0 | 243.95 | NOTE | |||
r-devel-windows-ix86+x86_64 | 0.10.0 | 22.00 | 238.00 | 260.00 | OK | |
r-patched-linux-x86_64 | 0.10.0 | 7.81 | 197.98 | 205.79 | OK | |
r-patched-solaris-x86 | 0.10.0 | 374.40 | NOTE | |||
r-release-linux-x86_64 | 0.10.0 | 8.29 | 197.41 | 205.70 | OK | |
r-release-windows-ix86+x86_64 | 0.10.0 | 17.00 | 279.00 | 296.00 | OK | |
r-release-osx-x86_64 | 0.10.0 | NOTE | ||||
r-oldrel-windows-ix86+x86_64 | 0.10.0 | 10.00 | 291.00 | 301.00 | OK | |
r-oldrel-osx-x86_64 | 0.10.0 | NOTE |
Version: 0.10.0
Check: dependencies in R code
Result: NOTE
Namespace in Imports field not imported from: ‘methods’
All declared Imports should be used.
Flavors: r-devel-linux-x86_64-fedora-clang, r-devel-linux-x86_64-fedora-gcc, r-patched-solaris-x86, r-release-osx-x86_64, r-oldrel-osx-x86_64