CRAN Package Check Results for Package tailDepFun

Last updated on 2019-06-18 01:48:57 CEST.

Flavor Version Tinstall Tcheck Ttotal Status Flags
r-devel-linux-x86_64-debian-clang 1.0.0 11.62 78.14 89.76 OK
r-devel-linux-x86_64-debian-gcc 1.0.0 10.36 63.99 74.35 OK
r-devel-linux-x86_64-fedora-clang 1.0.0 108.01 NOTE
r-devel-linux-x86_64-fedora-gcc 1.0.0 106.41 NOTE
r-devel-windows-ix86+x86_64 1.0.0 34.00 114.00 148.00 OK
r-patched-linux-x86_64 1.0.0 10.91 78.81 89.72 OK
r-patched-solaris-x86 1.0.0 175.30 OK
r-release-linux-x86_64 1.0.0 11.18 79.60 90.78 OK
r-release-windows-ix86+x86_64 1.0.0 25.00 163.00 188.00 OK
r-release-osx-x86_64 1.0.0 OK
r-oldrel-windows-ix86+x86_64 1.0.0 19.00 152.00 171.00 OK
r-oldrel-osx-x86_64 1.0.0 OK

Check Details

Version: 1.0.0
Check: compiled code
Result: NOTE
    File ‘tailDepFun/libs/tailDepFun.so’:
     Found no calls to: ‘R_registerRoutines’, ‘R_useDynamicSymbols’
    
    It is good practice to register native routines and to disable symbol
    search.
    
    See ‘Writing portable packages’ in the ‘Writing R Extensions’ manual.
Flavors: r-devel-linux-x86_64-fedora-clang, r-devel-linux-x86_64-fedora-gcc